CRAN Package Check Results for Package argosfilter

Last updated on 2021-09-26 01:49:45 CEST.

Flavor Version Tinstall Tcheck Ttotal Status Flags
r-devel-linux-x86_64-debian-clang 0.63 1.91 41.33 43.24 NOTE
r-devel-linux-x86_64-debian-gcc 0.63 1.87 31.03 32.90 NOTE
r-devel-linux-x86_64-fedora-clang 0.63 60.92 NOTE
r-devel-linux-x86_64-fedora-gcc 0.63 49.78 NOTE
r-devel-windows-x86_64 0.63 3.00 43.00 46.00 OK
r-devel-windows-x86_64-gcc10-UCRT 0.63 OK
r-patched-linux-x86_64 0.63 2.36 39.43 41.79 NOTE
r-patched-solaris-x86 0.63 67.40 OK
r-release-linux-x86_64 0.63 2.03 39.91 41.94 NOTE
r-release-macos-arm64 0.63 OK
r-release-macos-x86_64 0.63 OK
r-release-windows-ix86+x86_64 0.63 5.00 57.00 62.00 OK
r-oldrel-macos-x86_64 0.63 OK
r-oldrel-windows-ix86+x86_64 0.63 4.00 54.00 58.00 OK

Check Details

Version: 0.63
Check: Rd line widths
Result: NOTE
    Rd file 'sdafilter.Rd':
     \examples lines wider than 100 characters:
     plot(lon,lat,col="lightgrey",type="l",xlim=c(5,18), ylim=c(77.1,79.1),xlab="Longitude",ylab="Latitude")
    
    Rd file 'vmask.Rd':
     \examples lines wider than 100 characters:
     plot(lon,lat,col="lightgrey",type="l",xlim=c(5,18), ylim=c(77.1,79.1),xlab="Longitude",ylab="Latitude")
    
    These lines will be truncated in the PDF manual.
Flavors: r-devel-linux-x86_64-debian-clang, r-devel-linux-x86_64-debian-gcc, r-devel-linux-x86_64-fedora-clang, r-devel-linux-x86_64-fedora-gcc, r-patched-linux-x86_64, r-release-linux-x86_64