CRAN Package Check Results for Package ariExtra

Last updated on 2021-12-09 00:51:32 CET.

Flavor Version Tinstall Tcheck Ttotal Status Flags
r-devel-linux-x86_64-debian-clang 0.3.1 7.25 106.06 113.31 OK
r-devel-linux-x86_64-debian-gcc 0.3.1 6.00 80.60 86.60 OK
r-devel-linux-x86_64-fedora-clang 0.3.1 161.51 OK
r-devel-linux-x86_64-fedora-gcc 0.3.1 147.22 OK
r-devel-windows-x86_64-new-UL 0.3.1 17.00 202.00 219.00 ERROR
r-devel-windows-x86_64-new-TK 0.3.1 ERROR
r-devel-windows-x86_64-old 0.3.1 14.00 141.00 155.00 OK
r-patched-linux-x86_64 0.3.1 13.84 100.09 113.93 OK
r-release-linux-x86_64 0.3.1 8.45 101.24 109.69 OK
r-release-macos-arm64 0.3.1 OK
r-release-macos-x86_64 0.3.1 OK
r-release-windows-ix86+x86_64 0.3.1 14.00 120.00 134.00 OK
r-oldrel-macos-x86_64 0.3.1 OK
r-oldrel-windows-ix86+x86_64 0.3.1 20.00 145.00 165.00 OK

Additional issues

donttest

Check Details

Version: 0.3.1
Check: tests
Result: ERROR
     Running 'testthat.R' [80s]
    Running the tests in 'tests/testthat.R' failed.
    Complete output:
     > library(testthat)
     > library(ariExtra)
     >
     > test_check("ariExtra")
     Converting page 1 to D:\temp\RtmpwhHvcY\file4ec47ea1d98.png... done!
     Converting page 2 to D:\temp\RtmpwhHvcY\file4ec456d034bf.png... done!
     Converting page 3 to D:\temp\RtmpwhHvcY\file4ec46239731a.png... done!
     Converting page 4 to D:\temp\RtmpwhHvcY\file4ec44b322699.png... done!
     Converting page 5 to D:\temp\RtmpwhHvcY\file4ec4371d536d.png... done!
     Converting page 6 to D:\temp\RtmpwhHvcY\file4ec471763b97.png... done!
     Converting page 7 to D:\temp\RtmpwhHvcY\file4ec414b05023.png... done!
     Converting page 1 to D:\temp\RtmpwhHvcY\file4ec43483b94.png... done!
     Converting page 2 to D:\temp\RtmpwhHvcY\file4ec4788c4166.png... done!
     Converting page 3 to D:\temp\RtmpwhHvcY\file4ec446722b0a.png... done!
     Converting page 4 to D:\temp\RtmpwhHvcY\file4ec426b06b81.png... done!
     Converting page 5 to D:\temp\RtmpwhHvcY\file4ec449bf57c.png... done!
     Converting page 6 to D:\temp\RtmpwhHvcY\file4ec4758c65f3.png... done!
     Converting page 7 to D:\temp\RtmpwhHvcY\file4ec45ec67c91.png... done!
     ordinary text without R code
    
     label: setup (with options)
     List of 1
     $ include: logi FALSE
    
     ordinary text without R code
    
     label: unnamed-chunk-1 (with options)
     List of 1
     $ fig.height: num 4
    
     ordinary text without R code
    
     "C:/PROGRA~1/Pandoc/pandoc" +RTS -K512m -RTS file4ec46ee351cc.knit.md --to html4 --from markdown+autolink_bare_uris+tex_math_single_backslash --output pandoc4ec470dc2a2e.html --lua-filter "D:\RCompile\CRANpkg\lib\4.2\rmarkdown\rmarkdown\lua\pagebreak.lua" --lua-filter "D:\RCompile\CRANpkg\lib\4.2\rmarkdown\rmarkdown\lua\latex-div.lua" -V "mathjax-url=https://mathjax.rstudio.com/latest/MathJax.js?config=TeX-MML-AM_CHTML" -V "title-slide-class=center, middle, inverse, title-slide" --standalone --section-divs --template "D:\RCompile\CRANpkg\lib\4.2\xaringan\rmarkdown\templates\xaringan\resources\default.html" --no-highlight --include-in-header "D:\temp\RtmpwhHvcY\rmarkdown-str4ec478045859.html" --include-before-body "D:\temp\RtmpwhHvcY\xaringan4ec472d2297.md" --include-after-body "D:\temp\RtmpwhHvcY\xaringan4ec440ae3483.js" --variable title-slide=true --variable math=true
     $script
     [1] "D:\\temp\\RtmpwhHvcY\\file4ec45ef41341.md"
    
     $paragraphs
     [1] "this" "is" "one" "word" "per slide"
    
     [2021-12-07 18:38:45] [error] handle_read_frame error: asio.system:10054 (Eine vorhandene Verbindung wurde vom Remotehost geschlossen.)
     Could not load file:///d:/Rcompile/CRANpkg/local/4.2/ariExtra.Rcheck/tests/testthat/file:/localhost/D:/temp/RtmpwhHvcY/file4ec416117187.html#1
     Receiving PDF from a stream
     stream chunk received
     stream chunk received
     No more stream chunk to read
     closing stream
     [2021-12-07 18:39:01] [error] handle_read_frame error: asio.system:10054 (Eine vorhandene Verbindung wurde vom Remotehost geschlossen.)
     Converting page 1 to D:\temp\RtmpwhHvcY\file4ec428691f4a.png... done!
     Converting page 2 to D:\temp\RtmpwhHvcY\file4ec445576b69.png... done!
     Converting page 3 to D:\temp\RtmpwhHvcY\file4ec446184848.png... done!
     Converting page 4 to D:\temp\RtmpwhHvcY\file4ec44c131d99.png... done!
     Converting page 5 to D:\temp\RtmpwhHvcY\file4ec46e171774.png... done!
     [2021-12-07 18:39:10] [error] handle_read_frame error: asio.system:10054 (Eine vorhandene Verbindung wurde vom Remotehost geschlossen.)
     Receiving PDF from a stream
     stream chunk received
     stream chunk received
     No more stream chunk to read
     closing stream
     [2021-12-07 18:39:15] [error] handle_read_frame error: asio.system:10054 (Eine vorhandene Verbindung wurde vom Remotehost geschlossen.)
     Converting page 1 to D:\temp\RtmpwhHvcY\file4ec410a0eca.png... done!
     Converting page 2 to D:\temp\RtmpwhHvcY\file4ec456d45e8e.png... done!
     Converting page 3 to D:\temp\RtmpwhHvcY\file4ec45abfbcb.png... done!
     Converting page 4 to D:\temp\RtmpwhHvcY\file4ec45fba6dcf.png... done!
     Converting page 5 to D:\temp\RtmpwhHvcY\file4ec4be30e8.png... done!
     ══ Skipped tests ═══════════════════════════════════════════════════════════════
     • On CRAN (1)
     • empty test (1)
    
     ══ Failed tests ════════════════════════════════════════════════════════════════
     ── Failure (test-rmd_to_ari.R:41:9): xaringan example ──────────────────────────
     `{ ... }` threw an error with unexpected message.
     Expected match: "Failed to generate|Cannot find.* Chrome|pagedown package needed|not executable"
     Actual message: "webshot.js returned failure value: 1"
     Backtrace:
     █
     1. ├─testthat::expect_error(...) test-rmd_to_ari.R:41:8
     2. │ └─testthat:::quasi_capture(...)
     3. │ ├─testthat:::.capture(...)
     4. │ │ └─base::withCallingHandlers(...)
     5. │ └─rlang::eval_bare(quo_get_expr(.quo), quo_get_env(.quo))
     6. └─ariExtra:::run_rmd("webshot", script = script, rendered_file = rendered_file) test-rmd_to_ari.R:42:10
     7. └─ariExtra::rmd_to_ari(...) test-rmd_to_ari.R:20:6
     8. ├─base::do.call(webshot::webshot, args = args)
     9. └─(function (url = NULL, file = "webshot.png", vwidth = 992, vheight = 744, ...
     ── Failure (test-rmd_to_ari.R:48:7): xaringan example ──────────────────────────
     `{ ... }` did not throw an error.
    
     [ FAIL 2 | WARN 9 | SKIP 2 | PASS 4 ]
     Error: Test failures
     Execution halted
Flavor: r-devel-windows-x86_64-new-UL

Version: 0.3.1
Check: tests
Result: ERROR
     Running 'testthat.R'
    Running the tests in 'tests/testthat.R' failed.
    Complete output:
     > library(testthat)
     > library(ariExtra)
     >
     > test_check("ariExtra")
     Converting page 1 to C:\r_packages\pkgcheck\CRAN\ariExtra\tmp\RtmpcLdCKg\file1bda4603872f8.png... done!
     Converting page 2 to C:\r_packages\pkgcheck\CRAN\ariExtra\tmp\RtmpcLdCKg\file1bda4210b553d.png... done!
     Converting page 3 to C:\r_packages\pkgcheck\CRAN\ariExtra\tmp\RtmpcLdCKg\file1bda44745597d.png... done!
     Converting page 4 to C:\r_packages\pkgcheck\CRAN\ariExtra\tmp\RtmpcLdCKg\file1bda4754a3880.png... done!
     Converting page 5 to C:\r_packages\pkgcheck\CRAN\ariExtra\tmp\RtmpcLdCKg\file1bda41da2cef.png... done!
     Converting page 6 to C:\r_packages\pkgcheck\CRAN\ariExtra\tmp\RtmpcLdCKg\file1bda4ccf5f94.png... done!
     Converting page 7 to C:\r_packages\pkgcheck\CRAN\ariExtra\tmp\RtmpcLdCKg\file1bda46b87e5a.png... done!
     Converting page 1 to C:\r_packages\pkgcheck\CRAN\ariExtra\tmp\RtmpcLdCKg\file1bda426d51733.png... done!
     Converting page 2 to C:\r_packages\pkgcheck\CRAN\ariExtra\tmp\RtmpcLdCKg\file1bda443a5346b.png... done!
     Converting page 3 to C:\r_packages\pkgcheck\CRAN\ariExtra\tmp\RtmpcLdCKg\file1bda4692765b9.png... done!
     Converting page 4 to C:\r_packages\pkgcheck\CRAN\ariExtra\tmp\RtmpcLdCKg\file1bda44549570a.png... done!
     Converting page 5 to C:\r_packages\pkgcheck\CRAN\ariExtra\tmp\RtmpcLdCKg\file1bda46bd73185.png... done!
     Converting page 6 to C:\r_packages\pkgcheck\CRAN\ariExtra\tmp\RtmpcLdCKg\file1bda459ad13fd.png... done!
     Converting page 7 to C:\r_packages\pkgcheck\CRAN\ariExtra\tmp\RtmpcLdCKg\file1bda4324643e8.png... done!
     ordinary text without R code
    
     label: setup (with options)
     List of 1
     $ include: logi FALSE
    
     ordinary text without R code
    
     label: unnamed-chunk-1 (with options)
     List of 1
     $ fig.height: num 4
    
     ordinary text without R code
    
     "C:/PROGRA~1/Pandoc/pandoc" +RTS -K512m -RTS file1bda413df42ea.knit.md --to html4 --from markdown+autolink_bare_uris+tex_math_single_backslash --output pandoc1bda43cb66133.html --lua-filter "C:\r_packages\pkgcheck\lib\rmarkdown\rmarkdown\lua\pagebreak.lua" --lua-filter "C:\r_packages\pkgcheck\lib\rmarkdown\rmarkdown\lua\latex-div.lua" -V "mathjax-url=https://mathjax.rstudio.com/latest/MathJax.js?config=TeX-MML-AM_CHTML" -V "title-slide-class=center, middle, inverse, title-slide" --standalone --section-divs --template "C:\r_packages\pkgcheck\lib\xaringan\rmarkdown\templates\xaringan\resources\default.html" --no-highlight --include-in-header "C:\r_packages\pkgcheck\CRAN\ariExtra\tmp\RtmpcLdCKg\rmarkdown-str1bda44a8af7d.html" --include-before-body "C:\r_packages\pkgcheck\CRAN\ariExtra\tmp\RtmpcLdCKg\xaringan1bda47ac739fa.md" --include-after-body "C:\r_packages\pkgcheck\CRAN\ariExtra\tmp\RtmpcLdCKg\xaringan1bda46f014b23.js" --variable title-slide=true --variable math=true
     $script
     [1] "C:\\r_packages\\pkgcheck\\CRAN\\ariExtra\\tmp\\RtmpcLdCKg\\file1bda4209a26e7.md"
    
     $paragraphs
     [1] "this" "is" "one" "word" "per slide"
    
     Could not load file:///C:/r_packages/pkgcheck/CRAN/ariExtra/ariExtra.Rcheck/tests/testthat/file:/localhost/C:/r_packages/pkgcheck/CRAN/ariExtra/tmp/RtmpcLdCKg/file1bda46b94577f.html#1
     Receiving PDF from a stream
     stream chunk received
     stream chunk received
     No more stream chunk to read
     closing stream
     Converting page 1 to C:\r_packages\pkgcheck\CRAN\ariExtra\tmp\RtmpcLdCKg\file1bda43216612e.png... done!
     Converting page 2 to C:\r_packages\pkgcheck\CRAN\ariExtra\tmp\RtmpcLdCKg\file1bda437637d2f.png... done!
     Converting page 3 to C:\r_packages\pkgcheck\CRAN\ariExtra\tmp\RtmpcLdCKg\file1bda44193464b.png... done!
     Converting page 4 to C:\r_packages\pkgcheck\CRAN\ariExtra\tmp\RtmpcLdCKg\file1bda470d51901.png... done!
     Converting page 5 to C:\r_packages\pkgcheck\CRAN\ariExtra\tmp\RtmpcLdCKg\file1bda4f025d4b.png... done!
     Receiving PDF from a stream
     stream chunk received
     stream chunk received
     No more stream chunk to read
     closing stream
     Converting page 1 to C:\r_packages\pkgcheck\CRAN\ariExtra\tmp\RtmpcLdCKg\file1bda418c21494.png... done!
     Converting page 2 to C:\r_packages\pkgcheck\CRAN\ariExtra\tmp\RtmpcLdCKg\file1bda41a7063f2.png... done!
     Converting page 3 to C:\r_packages\pkgcheck\CRAN\ariExtra\tmp\RtmpcLdCKg\file1bda43b721216.png... done!
     Converting page 4 to C:\r_packages\pkgcheck\CRAN\ariExtra\tmp\RtmpcLdCKg\file1bda45d617843.png... done!
     Converting page 5 to C:\r_packages\pkgcheck\CRAN\ariExtra\tmp\RtmpcLdCKg\file1bda49e24bfd.png... done!
     ══ Skipped tests ═══════════════════════════════════════════════════════════════
     • On CRAN (1)
     • empty test (1)
    
     ══ Failed tests ════════════════════════════════════════════════════════════════
     ── Failure (test-rmd_to_ari.R:41:9): xaringan example ──────────────────────────
     `{ ... }` threw an error with unexpected message.
     Expected match: "Failed to generate|Cannot find.* Chrome|pagedown package needed|not executable"
     Actual message: "webshot.js returned failure value: 1"
     Backtrace:
     █
     1. ├─testthat::expect_error(...) test-rmd_to_ari.R:41:8
     2. │ └─testthat:::quasi_capture(...)
     3. │ ├─testthat:::.capture(...)
     4. │ │ └─base::withCallingHandlers(...)
     5. │ └─rlang::eval_bare(quo_get_expr(.quo), quo_get_env(.quo))
     6. └─ariExtra:::run_rmd("webshot", script = script, rendered_file = rendered_file) test-rmd_to_ari.R:42:10
     7. └─ariExtra::rmd_to_ari(...) test-rmd_to_ari.R:20:6
     8. ├─base::do.call(webshot::webshot, args = args)
     9. └─(function (url = NULL, file = "webshot.png", vwidth = 992, vheight = 744, ...
     ── Failure (test-rmd_to_ari.R:48:7): xaringan example ──────────────────────────
     `{ ... }` did not throw an error.
    
     [ FAIL 2 | WARN 9 | SKIP 2 | PASS 4 ]
     Error: Test failures
     Execution halted
Flavor: r-devel-windows-x86_64-new-TK