CRAN Package Check Results for Package arkdb

Last updated on 2021-04-20 01:46:57 CEST.

Flavor Version Tinstall Tcheck Ttotal Status Flags
r-devel-linux-x86_64-debian-clang 0.0.12 3.18 230.93 234.11 NOTE
r-devel-linux-x86_64-debian-gcc 0.0.12 2.62 185.81 188.43 NOTE
r-devel-linux-x86_64-fedora-clang 0.0.12 298.72 NOTE
r-devel-linux-x86_64-fedora-gcc 0.0.12 287.33 NOTE
r-devel-windows-ix86+x86_64 0.0.12 11.00 235.00 246.00 NOTE
r-devel-windows-x86_64-gcc10-UCRT 0.0.12 NOTE
r-patched-linux-x86_64 0.0.12 3.12 226.65 229.77 NOTE
r-patched-solaris-x86 0.0.12 389.30 NOTE
r-release-linux-x86_64 0.0.12 2.83 226.53 229.36 NOTE
r-release-macos-x86_64 0.0.12 NOTE
r-release-windows-ix86+x86_64 0.0.12 8.00 305.00 313.00 NOTE
r-oldrel-macos-x86_64 0.0.12 ERROR
r-oldrel-windows-ix86+x86_64 0.0.8 6.00 227.00 233.00 OK

Check Details

Version: 0.0.12
Check: package dependencies
Result: NOTE
    Package suggested but not available for checking: 'MonetDBLite'
Flavors: r-devel-linux-x86_64-debian-clang, r-devel-linux-x86_64-debian-gcc, r-devel-linux-x86_64-fedora-clang, r-devel-linux-x86_64-fedora-gcc, r-devel-windows-ix86+x86_64, r-devel-windows-x86_64-gcc10-UCRT, r-patched-linux-x86_64, r-patched-solaris-x86, r-release-linux-x86_64, r-release-macos-x86_64, r-release-windows-ix86+x86_64

Version: 0.0.12
Check: whether package can be installed
Result: ERROR
    Installation failed.
Flavor: r-oldrel-macos-x86_64