CRAN Package Check Results for Package armada

Last updated on 2024-02-20 08:00:53 CET.

Flavor Version Tinstall Tcheck Ttotal Status Flags
r-devel-linux-x86_64-debian-clang 0.1.0 OK
r-devel-linux-x86_64-debian-gcc 0.1.0 16.93 144.32 161.25 OK
r-devel-linux-x86_64-fedora-clang 0.1.0 260.94 NOTE
r-devel-linux-x86_64-fedora-gcc 0.1.0 252.92 NOTE
r-devel-windows-x86_64 0.1.0 17.00 146.00 163.00 OK
r-patched-linux-x86_64 0.1.0 21.79 190.69 212.48 OK
r-release-linux-x86_64 0.1.0 20.54 190.97 211.51 OK
r-release-macos-arm64 0.1.0 70.00 OK
r-release-macos-x86_64 0.1.0 125.00 OK
r-release-windows-x86_64 0.1.0 23.00 175.00 198.00 OK
r-oldrel-macos-arm64 0.1.0 72.00 NOTE
r-oldrel-windows-x86_64 0.1.0 24.00 178.00 202.00 OK

Check Details

Version: 0.1.0
Check: dependencies in R code
Result: NOTE Namespace in Imports field not imported from: ‘mvtnorm’ All declared Imports should be used. Flavors: r-devel-linux-x86_64-fedora-clang, r-devel-linux-x86_64-fedora-gcc, r-oldrel-macos-arm64