CRAN Package Check Results for Package aroma.affymetrix

Last updated on 2021-04-20 01:46:57 CEST.

Flavor Version Tinstall Tcheck Ttotal Status Flags
r-devel-linux-x86_64-debian-clang 3.2.0 55.10 308.26 363.36 NOTE
r-devel-linux-x86_64-debian-gcc 3.2.0 43.52 230.64 274.16 NOTE
r-devel-linux-x86_64-fedora-clang 3.2.0 445.42 NOTE
r-devel-linux-x86_64-fedora-gcc 3.2.0 439.07 NOTE
r-devel-windows-ix86+x86_64 3.2.0 98.00 245.00 343.00 NOTE
r-devel-windows-x86_64-gcc10-UCRT 3.2.0 NOTE
r-patched-linux-x86_64 3.2.0 53.98 278.44 332.42 OK
r-patched-solaris-x86 3.2.0 502.20 NOTE
r-release-linux-x86_64 3.2.0 50.15 281.14 331.29 OK
r-release-macos-x86_64 3.2.0 NOTE
r-release-windows-ix86+x86_64 3.2.0 94.00 320.00 414.00 NOTE
r-oldrel-macos-x86_64 3.2.0 NOTE
r-oldrel-windows-ix86+x86_64 3.2.0 55.00 303.00 358.00 NOTE

Check Details

Version: 3.2.0
Check: package dependencies
Result: NOTE
    Packages suggested but not available for checking:
     'affy', 'affyPLM', 'gcrma'
Flavor: r-devel-linux-x86_64-debian-clang

Version: 3.2.0
Check: Rd cross-references
Result: NOTE
    Packages unavailable to check Rd xrefs: 'affy', 'gcrma', 'affyPLM'
Flavor: r-devel-linux-x86_64-debian-clang

Version: 3.2.0
Check: package dependencies
Result: NOTE
    Package suggested but not available for checking: ‘affyPLM’
Flavors: r-devel-linux-x86_64-debian-gcc, r-devel-linux-x86_64-fedora-clang, r-devel-linux-x86_64-fedora-gcc

Version: 3.2.0
Check: Rd cross-references
Result: NOTE
    Package unavailable to check Rd xrefs: ‘affyPLM’
Flavors: r-devel-linux-x86_64-debian-gcc, r-devel-linux-x86_64-fedora-clang, r-devel-linux-x86_64-fedora-gcc

Version: 3.2.0
Check: installed package size
Result: NOTE
     installed size is 5.8Mb
     sub-directories of 1Mb or more:
     R 2.3Mb
     help 1.1Mb
     testScripts 1.3Mb
Flavors: r-devel-linux-x86_64-fedora-clang, r-devel-windows-ix86+x86_64, r-patched-solaris-x86, r-release-macos-x86_64, r-release-windows-ix86+x86_64, r-oldrel-macos-x86_64, r-oldrel-windows-ix86+x86_64

Version: 3.2.0
Check: package dependencies
Result: NOTE
    Packages suggested but not available for checking:
     'affxparser', 'affy', 'affyPLM', 'gcrma', 'oligo', 'oligoClasses',
     'pdInfoBuilder', 'AffymetrixDataTestFiles'
Flavor: r-devel-windows-x86_64-gcc10-UCRT

Version: 3.2.0
Check: Rd cross-references
Result: NOTE
    Packages unavailable to check Rd xrefs: 'affy', 'affxparser', 'gcrma', 'affyPLM', 'oligo', 'oligoClasses'
Flavor: r-devel-windows-x86_64-gcc10-UCRT

Version: 3.2.0
Check: package dependencies
Result: NOTE
    Packages suggested but not available for checking:
     'pdInfoBuilder', 'AffymetrixDataTestFiles'
Flavor: r-release-macos-x86_64

Version: 3.2.0
Check: package dependencies
Result: NOTE
    Package suggested but not available for checking: ‘AffymetrixDataTestFiles’
Flavor: r-oldrel-macos-x86_64