Last updated on 2023-03-24 05:52:07 CET.
Flavor | Version | Tinstall | Tcheck | Ttotal | Status | Flags |
---|---|---|---|---|---|---|
r-devel-linux-x86_64-debian-clang | 3.2.1 | 47.44 | 352.19 | 399.63 | OK | |
r-devel-linux-x86_64-debian-gcc | 3.2.1 | 48.26 | 260.97 | 309.23 | OK | |
r-devel-linux-x86_64-fedora-clang | 3.2.1 | 562.01 | NOTE | |||
r-devel-linux-x86_64-fedora-gcc | 3.2.1 | 494.41 | OK | |||
r-devel-windows-x86_64 | 3.2.1 | 1857.00 | 562.00 | 2419.00 | NOTE | |
r-patched-linux-x86_64 | 3.2.1 | 67.37 | 315.29 | 382.66 | OK | |
r-release-linux-x86_64 | 3.2.1 | 57.34 | 322.40 | 379.74 | OK | |
r-release-macos-arm64 | 3.2.1 | 110.00 | NOTE | |||
r-release-macos-x86_64 | 3.2.1 | 140.00 | NOTE | |||
r-release-windows-x86_64 | 3.2.1 | 1020.00 | 431.00 | 1451.00 | NOTE | |
r-oldrel-macos-arm64 | 3.2.1 | 101.00 | NOTE | |||
r-oldrel-macos-x86_64 | 3.2.1 | 147.00 | NOTE | |||
r-oldrel-windows-ix86+x86_64 | 3.2.1 | 100.00 | 346.00 | 446.00 | NOTE |
Version: 3.2.1
Check: installed package size
Result: NOTE
installed size is 5.8Mb
sub-directories of 1Mb or more:
R 2.3Mb
help 1.1Mb
testScripts 1.3Mb
Flavors: r-devel-linux-x86_64-fedora-clang, r-devel-windows-x86_64, r-release-macos-arm64, r-release-macos-x86_64, r-release-windows-x86_64, r-oldrel-macos-arm64, r-oldrel-macos-x86_64, r-oldrel-windows-ix86+x86_64
Version: 3.2.1
Check: package dependencies
Result: NOTE
Packages suggested but not available for checking:
'affxparser', 'oligo', 'oligoClasses', 'pdInfoBuilder',
'AffymetrixDataTestFiles'
Flavor: r-release-macos-arm64
Version: 3.2.1
Check: Rd cross-references
Result: NOTE
Packages unavailable to check Rd xrefs: ‘affxparser’, ‘oligo’, ‘oligoClasses’
Flavor: r-release-macos-arm64