Last updated on 2023-06-03 08:05:37 CEST.
Flavor | Version | Tinstall | Tcheck | Ttotal | Status | Flags |
---|---|---|---|---|---|---|
r-devel-linux-x86_64-debian-clang | 0.6.1 | 4.00 | 37.87 | 41.87 | OK | |
r-devel-linux-x86_64-debian-gcc | 0.6.1 | 3.03 | 29.66 | 32.69 | OK | |
r-devel-linux-x86_64-fedora-clang | 0.6.1 | 53.44 | OK | |||
r-devel-linux-x86_64-fedora-gcc | 0.6.1 | 57.91 | OK | |||
r-devel-windows-x86_64 | 0.6.1 | 5.00 | 72.00 | 77.00 | OK | |
r-patched-linux-x86_64 | 0.6.1 | OK | ||||
r-release-linux-x86_64 | 0.6.1 | 3.11 | 36.69 | 39.80 | OK | |
r-release-macos-arm64 | 0.6.1 | 27.00 | NOTE | |||
r-release-macos-x86_64 | 0.6.1 | 32.00 | NOTE | |||
r-release-windows-x86_64 | 0.6.1 | 5.00 | 74.00 | 79.00 | OK | |
r-oldrel-macos-arm64 | 0.6.1 | 25.00 | NOTE | |||
r-oldrel-macos-x86_64 | 0.6.1 | 31.00 | OK | |||
r-oldrel-windows-x86_64 | 0.6.1 | 5.00 | 103.00 | 108.00 | OK |
Version: 0.6.1
Check: package dependencies
Result: NOTE
Package suggested but not available for checking: ‘affxparser’
Flavors: r-release-macos-arm64, r-release-macos-x86_64, r-oldrel-macos-arm64
Version: 0.6.1
Check: Rd cross-references
Result: NOTE
Package unavailable to check Rd xrefs: ‘affxparser’
Flavors: r-release-macos-arm64, r-release-macos-x86_64, r-oldrel-macos-arm64