Last updated on 2023-02-07 00:54:10 CET.
Flavor | Version | Tinstall | Tcheck | Ttotal | Status | Flags |
---|---|---|---|---|---|---|
r-devel-linux-x86_64-debian-clang | 1.5-1 | 17.26 | 178.04 | 195.30 | OK | |
r-devel-linux-x86_64-debian-gcc | 1.5-1 | 11.47 | 128.38 | 139.85 | OK | |
r-devel-linux-x86_64-fedora-clang | 1.5-1 | 254.23 | OK | |||
r-devel-linux-x86_64-fedora-gcc | 1.5-1 | 241.47 | OK | |||
r-devel-windows-x86_64 | 1.5-1 | 41.00 | 218.00 | 259.00 | OK | |
r-patched-linux-x86_64 | 1.5-1 | 21.21 | 171.95 | 193.16 | OK | |
r-release-linux-x86_64 | 1.5-1 | 12.47 | 172.41 | 184.88 | OK | |
r-release-macos-arm64 | 1.5-1 | 64.00 | NOTE | |||
r-release-macos-x86_64 | 1.5-1 | 117.00 | OK | |||
r-release-windows-x86_64 | 1.5-1 | 43.00 | 235.00 | 278.00 | OK | |
r-oldrel-macos-arm64 | 1.5-1 | 99.00 | OK | |||
r-oldrel-macos-x86_64 | 1.5-1 | 91.00 | OK | |||
r-oldrel-windows-ix86+x86_64 | 1.5-1 | 39.00 | 201.00 | 240.00 | OK |
Version: 1.5-1
Check: package dependencies
Result: NOTE
Packages suggested but not available for checking: 'graph', 'Rgraphviz'
Flavor: r-release-macos-arm64