CRAN Package Check Results for Package ash

Last updated on 2021-07-24 01:49:55 CEST.

Flavor Version Tinstall Tcheck Ttotal Status Flags
r-devel-linux-x86_64-debian-clang 1.0-15 2.64 20.41 23.05 OK
r-devel-linux-x86_64-debian-gcc 1.0-15 1.97 16.13 18.10 OK
r-devel-linux-x86_64-fedora-clang 1.0-15 37.89 NOTE
r-devel-linux-x86_64-fedora-gcc 1.0-15 27.55 NOTE
r-devel-windows-x86_64 1.0-15 4.00 25.00 29.00 OK
r-devel-windows-x86_64-gcc10-UCRT 1.0-15 OK
r-patched-linux-x86_64 1.0-15 2.50 19.61 22.11 OK
r-patched-solaris-x86 1.0-15 46.40 OK
r-release-linux-x86_64 1.0-15 2.42 19.87 22.29 OK
r-release-macos-arm64 1.0-15 OK
r-release-macos-x86_64 1.0-15 OK
r-release-windows-ix86+x86_64 1.0-15 7.00 30.00 37.00 OK
r-oldrel-macos-x86_64 1.0-15 OK
r-oldrel-windows-ix86+x86_64 1.0-15 7.00 35.00 42.00 OK

Check Details

Version: 1.0-15
Check: compiled code
Result: NOTE
    File ‘ash/libs/ash.so’:
     Found no calls to: ‘R_registerRoutines’, ‘R_useDynamicSymbols’
    
    It is good practice to register native routines and to disable symbol
    search.
    
    See ‘Writing portable packages’ in the ‘Writing R Extensions’ manual.
Flavors: r-devel-linux-x86_64-fedora-clang, r-devel-linux-x86_64-fedora-gcc