CRAN Package Check Results for Package askpass

Last updated on 2022-07-03 01:48:48 CEST.

Flavor Version Tinstall Tcheck Ttotal Status Flags
r-devel-linux-x86_64-debian-clang 1.1 2.58 22.48 25.06 NOTE
r-devel-linux-x86_64-debian-gcc 1.1 2.08 17.22 19.30 NOTE
r-devel-linux-x86_64-fedora-clang 1.1 41.03 NOTE
r-devel-linux-x86_64-fedora-gcc 1.1 40.66 NOTE
r-devel-windows-x86_64 1.1 14.00 49.00 63.00 NOTE
r-patched-linux-x86_64 1.1 2.47 21.47 23.94 NOTE
r-release-linux-x86_64 1.1 2.32 21.59 23.91 NOTE
r-release-macos-arm64 1.1 16.00 NOTE
r-release-macos-x86_64 1.1 22.00 NOTE
r-release-windows-x86_64 1.1 12.00 50.00 62.00 NOTE
r-oldrel-macos-arm64 1.1 20.00 NOTE
r-oldrel-macos-x86_64 1.1 27.00 NOTE
r-oldrel-windows-ix86+x86_64 1.1 12.00 49.00 61.00 NOTE

Check Details

Version: 1.1
Check: LazyData
Result: NOTE
     'LazyData' is specified without a 'data' directory
Flavors: r-devel-linux-x86_64-debian-clang, r-devel-linux-x86_64-debian-gcc, r-devel-linux-x86_64-fedora-clang, r-devel-linux-x86_64-fedora-gcc, r-devel-windows-x86_64, r-patched-linux-x86_64, r-release-linux-x86_64, r-release-macos-arm64, r-release-macos-x86_64, r-release-windows-x86_64, r-oldrel-macos-arm64, r-oldrel-macos-x86_64, r-oldrel-windows-ix86+x86_64