CRAN Package Check Results for Package askpass

Last updated on 2021-12-06 00:48:21 CET.

Flavor Version Tinstall Tcheck Ttotal Status Flags
r-devel-linux-x86_64-debian-clang 1.1 2.45 27.98 30.43 NOTE
r-devel-linux-x86_64-debian-gcc 1.1 1.70 22.72 24.42 NOTE
r-devel-linux-x86_64-fedora-clang 1.1 39.93 NOTE
r-devel-linux-x86_64-fedora-gcc 1.1 30.94 NOTE
r-devel-windows-x86_64-new-UL 1.1 10.00 59.00 69.00 NOTE
r-devel-windows-x86_64-new-TK 1.1 NOTE
r-devel-windows-x86_64-old 1.1 7.00 32.00 39.00 NOTE
r-patched-linux-x86_64 1.1 2.28 19.54 21.82 NOTE
r-release-linux-x86_64 1.1 2.40 27.48 29.88 NOTE
r-release-macos-arm64 1.1 NOTE
r-release-macos-x86_64 1.1 NOTE
r-release-windows-ix86+x86_64 1.1 10.00 48.00 58.00 NOTE
r-oldrel-macos-x86_64 1.1 OK
r-oldrel-windows-ix86+x86_64 1.1 12.00 43.00 55.00 OK

Check Details

Version: 1.1
Check: LazyData
Result: NOTE
     'LazyData' is specified without a 'data' directory
Flavors: r-devel-linux-x86_64-debian-clang, r-devel-linux-x86_64-debian-gcc, r-devel-linux-x86_64-fedora-clang, r-devel-linux-x86_64-fedora-gcc, r-devel-windows-x86_64-new-UL, r-devel-windows-x86_64-new-TK, r-devel-windows-x86_64-old, r-patched-linux-x86_64, r-release-linux-x86_64, r-release-macos-arm64, r-release-macos-x86_64, r-release-windows-ix86+x86_64