CRAN Package Check Results for Package assertive.base

Last updated on 2024-03-04 07:48:21 CET.

Flavor Version Tinstall Tcheck Ttotal Status Flags
r-devel-linux-x86_64-debian-clang 0.0-9 2.79 35.16 37.95 NOTE
r-devel-linux-x86_64-debian-gcc 0.0-9 2.37 27.32 29.69 NOTE
r-devel-linux-x86_64-fedora-clang 0.0-9 46.09 NOTE
r-devel-linux-x86_64-fedora-gcc 0.0-9 44.65 NOTE
r-devel-windows-x86_64 0.0-9 4.00 48.00 52.00 NOTE
r-patched-linux-x86_64 0.0-9 3.68 33.82 37.50 NOTE
r-release-linux-x86_64 0.0-9 2.01 34.64 36.65 NOTE
r-release-macos-arm64 0.0-9 18.00 NOTE
r-release-macos-x86_64 0.0-9 24.00 NOTE
r-release-windows-x86_64 0.0-9 5.00 49.00 54.00 NOTE
r-oldrel-macos-arm64 0.0-9 20.00 NOTE
r-oldrel-windows-x86_64 0.0-9 5.00 49.00 54.00 NOTE

Check Details

Version: 0.0-9
Check: Rd cross-references
Result: NOTE Unknown packages ‘assertive.properties’, ‘assertive.types’ in Rd xrefs Flavors: r-devel-linux-x86_64-debian-clang, r-devel-linux-x86_64-debian-gcc, r-devel-linux-x86_64-fedora-gcc, r-patched-linux-x86_64, r-release-linux-x86_64

Version: 0.0-9
Check: LazyData
Result: NOTE 'LazyData' is specified without a 'data' directory Flavors: r-devel-linux-x86_64-debian-clang, r-devel-linux-x86_64-debian-gcc, r-devel-linux-x86_64-fedora-clang, r-devel-linux-x86_64-fedora-gcc, r-devel-windows-x86_64, r-patched-linux-x86_64, r-release-linux-x86_64, r-release-macos-arm64, r-release-macos-x86_64, r-release-windows-x86_64, r-oldrel-macos-arm64, r-oldrel-windows-x86_64

Version: 0.0-9
Check: Rd cross-references
Result: NOTE Undeclared packages ‘assertive.properties’, ‘assertive.types’ in Rd xrefs Unknown packages ‘assertive.properties’, ‘assertive.types’ in Rd xrefs Flavor: r-devel-linux-x86_64-fedora-clang