CRAN Package Check Results for Package assertive.base

Last updated on 2021-09-21 01:49:53 CEST.

Flavor Version Tinstall Tcheck Ttotal Status Flags
r-devel-linux-x86_64-debian-clang 0.0-9 2.51 29.16 31.67 NOTE
r-devel-linux-x86_64-debian-gcc 0.0-9 2.19 22.85 25.04 NOTE
r-devel-linux-x86_64-fedora-clang 0.0-9 48.12 NOTE
r-devel-linux-x86_64-fedora-gcc 0.0-9 37.47 NOTE
r-devel-windows-x86_64 0.0-9 5.00 36.00 41.00 NOTE
r-devel-windows-x86_64-gcc10-UCRT 0.0-9 ERROR
r-patched-linux-x86_64 0.0-9 2.81 28.23 31.04 NOTE
r-patched-solaris-x86 0.0-9 59.10 NOTE
r-release-linux-x86_64 0.0-9 2.70 28.39 31.09 NOTE
r-release-macos-arm64 0.0-9 NOTE
r-release-macos-x86_64 0.0-9 NOTE
r-release-windows-ix86+x86_64 0.0-9 7.00 45.00 52.00 NOTE
r-oldrel-macos-x86_64 0.0-9 OK
r-oldrel-windows-ix86+x86_64 0.0-9 8.00 34.00 42.00 OK

Check Details

Version: 0.0-9
Check: LazyData
Result: NOTE
     'LazyData' is specified without a 'data' directory
Flavors: r-devel-linux-x86_64-debian-clang, r-devel-linux-x86_64-debian-gcc, r-devel-linux-x86_64-fedora-clang, r-devel-linux-x86_64-fedora-gcc, r-devel-windows-x86_64, r-devel-windows-x86_64-gcc10-UCRT, r-patched-linux-x86_64, r-patched-solaris-x86, r-release-linux-x86_64, r-release-macos-arm64, r-release-macos-x86_64, r-release-windows-ix86+x86_64

Version: 0.0-9
Check: Rd cross-references
Result: NOTE
    Undeclared packages ‘assertive.properties’, ‘assertive.types’ in Rd xrefs
Flavor: r-devel-linux-x86_64-fedora-clang

Version: 0.0-9
Check: whether package can be installed
Result: WARN
    Found the following significant warnings:
     WARNING: installation-time patches will not be applied, could not get the patches index
Flavor: r-devel-windows-x86_64-gcc10-UCRT

Version: 0.0-9
Check: PDF version of manual
Result: WARN
    LaTeX errors when creating PDF version.
    This typically indicates Rd problems.
Flavor: r-devel-windows-x86_64-gcc10-UCRT

Version: 0.0-9
Check: PDF version of manual without hyperrefs or index
Result: ERROR
    Re-running with no redirection of stdout/stderr.
Flavor: r-devel-windows-x86_64-gcc10-UCRT