CRAN Package Check Results for Package assertive.code

Last updated on 2021-12-08 01:51:36 CET.

Flavor Version Tinstall Tcheck Ttotal Status Flags
r-devel-linux-x86_64-debian-clang 0.0-3 2.38 34.58 36.96 NOTE
r-devel-linux-x86_64-debian-gcc 0.0-3 1.80 27.33 29.13 NOTE
r-devel-linux-x86_64-fedora-clang 0.0-3 47.17 NOTE
r-devel-linux-x86_64-fedora-gcc 0.0-3 35.02 NOTE
r-devel-windows-x86_64-new-UL 0.0-3 7.00 62.00 69.00 NOTE
r-devel-windows-x86_64-new-TK 0.0-3 NOTE
r-devel-windows-x86_64-old 0.0-3 4.00 45.00 49.00 NOTE
r-patched-linux-x86_64 0.0-3 2.49 33.40 35.89 NOTE
r-release-linux-x86_64 0.0-3 2.34 32.87 35.21 NOTE
r-release-macos-arm64 0.0-3 NOTE
r-release-macos-x86_64 0.0-3 NOTE
r-release-windows-ix86+x86_64 0.0-3 4.00 42.00 46.00 NOTE
r-oldrel-macos-x86_64 0.0-3 OK
r-oldrel-windows-ix86+x86_64 0.0-3 6.00 44.00 50.00 OK

Check Details

Version: 0.0-3
Check: LazyData
Result: NOTE
     'LazyData' is specified without a 'data' directory
Flavors: r-devel-linux-x86_64-debian-clang, r-devel-linux-x86_64-debian-gcc, r-devel-linux-x86_64-fedora-clang, r-devel-linux-x86_64-fedora-gcc, r-devel-windows-x86_64-new-UL, r-devel-windows-x86_64-new-TK, r-devel-windows-x86_64-old, r-patched-linux-x86_64, r-release-linux-x86_64, r-release-macos-arm64, r-release-macos-x86_64, r-release-windows-ix86+x86_64