CRAN Package Check Results for Package assertive.data

Last updated on 2021-12-08 01:51:36 CET.

Flavor Version Tinstall Tcheck Ttotal Status Flags
r-devel-linux-x86_64-debian-clang 0.0-3 2.32 34.88 37.20 NOTE
r-devel-linux-x86_64-debian-gcc 0.0-3 1.83 27.69 29.52 NOTE
r-devel-linux-x86_64-fedora-clang 0.0-3 47.77 NOTE
r-devel-linux-x86_64-fedora-gcc 0.0-3 35.78 NOTE
r-devel-windows-x86_64-new-UL 0.0-3 7.00 62.00 69.00 NOTE
r-devel-windows-x86_64-new-TK 0.0-3 NOTE
r-devel-windows-x86_64-old 0.0-3 4.00 44.00 48.00 NOTE
r-patched-linux-x86_64 0.0-3 2.60 33.89 36.49 NOTE
r-release-linux-x86_64 0.0-3 2.16 33.16 35.32 NOTE
r-release-macos-arm64 0.0-3 NOTE
r-release-macos-x86_64 0.0-3 NOTE
r-release-windows-ix86+x86_64 0.0-3 4.00 45.00 49.00 NOTE
r-oldrel-macos-x86_64 0.0-3 OK
r-oldrel-windows-ix86+x86_64 0.0-3 7.00 45.00 52.00 OK

Check Details

Version: 0.0-3
Check: LazyData
Result: NOTE
     'LazyData' is specified without a 'data' directory
Flavors: r-devel-linux-x86_64-debian-clang, r-devel-linux-x86_64-debian-gcc, r-devel-linux-x86_64-fedora-clang, r-devel-linux-x86_64-fedora-gcc, r-devel-windows-x86_64-new-UL, r-devel-windows-x86_64-new-TK, r-devel-windows-x86_64-old, r-patched-linux-x86_64, r-release-linux-x86_64, r-release-macos-arm64, r-release-macos-x86_64, r-release-windows-ix86+x86_64