CRAN Package Check Results for Package assertive.data.uk

Last updated on 2021-12-08 01:51:36 CET.

Flavor Version Tinstall Tcheck Ttotal Status Flags
r-devel-linux-x86_64-debian-clang 0.0-2 1.76 32.27 34.03 NOTE
r-devel-linux-x86_64-debian-gcc 0.0-2 1.71 25.46 27.17 NOTE
r-devel-linux-x86_64-fedora-clang 0.0-2 44.74 NOTE
r-devel-linux-x86_64-fedora-gcc 0.0-2 32.41 NOTE
r-devel-windows-x86_64-new-UL 0.0-2 6.00 59.00 65.00 NOTE
r-devel-windows-x86_64-new-TK 0.0-2 NOTE
r-devel-windows-x86_64-old 0.0-2 4.00 42.00 46.00 NOTE
r-patched-linux-x86_64 0.0-2 2.03 31.27 33.30 NOTE
r-release-linux-x86_64 0.0-2 1.95 31.22 33.17 NOTE
r-release-macos-arm64 0.0-2 NOTE
r-release-macos-x86_64 0.0-2 NOTE
r-release-windows-ix86+x86_64 0.0-2 4.00 41.00 45.00 NOTE
r-oldrel-macos-x86_64 0.0-2 OK
r-oldrel-windows-ix86+x86_64 0.0-2 6.00 42.00 48.00 OK

Check Details

Version: 0.0-2
Check: LazyData
Result: NOTE
     'LazyData' is specified without a 'data' directory
Flavors: r-devel-linux-x86_64-debian-clang, r-devel-linux-x86_64-debian-gcc, r-devel-linux-x86_64-fedora-clang, r-devel-linux-x86_64-fedora-gcc, r-devel-windows-x86_64-new-UL, r-devel-windows-x86_64-new-TK, r-devel-windows-x86_64-old, r-patched-linux-x86_64, r-release-linux-x86_64, r-release-macos-arm64, r-release-macos-x86_64, r-release-windows-ix86+x86_64