CRAN Package Check Results for Package assertive.data.us

Last updated on 2021-12-08 01:51:36 CET.

Flavor Version Tinstall Tcheck Ttotal Status Flags
r-devel-linux-x86_64-debian-clang 0.0-2 2.02 31.69 33.71 NOTE
r-devel-linux-x86_64-debian-gcc 0.0-2 1.35 24.99 26.34 NOTE
r-devel-linux-x86_64-fedora-clang 0.0-2 43.28 NOTE
r-devel-linux-x86_64-fedora-gcc 0.0-2 31.52 NOTE
r-devel-windows-x86_64-new-UL 0.0-2 5.00 60.00 65.00 NOTE
r-devel-windows-x86_64-new-TK 0.0-2 NOTE
r-devel-windows-x86_64-old 0.0-2 3.00 41.00 44.00 NOTE
r-patched-linux-x86_64 0.0-2 2.02 30.15 32.17 NOTE
r-release-linux-x86_64 0.0-2 1.79 30.81 32.60 NOTE
r-release-macos-arm64 0.0-2 NOTE
r-release-macos-x86_64 0.0-2 NOTE
r-release-windows-ix86+x86_64 0.0-2 4.00 35.00 39.00 NOTE
r-oldrel-macos-x86_64 0.0-2 OK
r-oldrel-windows-ix86+x86_64 0.0-2 6.00 42.00 48.00 OK

Check Details

Version: 0.0-2
Check: LazyData
Result: NOTE
     'LazyData' is specified without a 'data' directory
Flavors: r-devel-linux-x86_64-debian-clang, r-devel-linux-x86_64-debian-gcc, r-devel-linux-x86_64-fedora-clang, r-devel-linux-x86_64-fedora-gcc, r-devel-windows-x86_64-new-UL, r-devel-windows-x86_64-new-TK, r-devel-windows-x86_64-old, r-patched-linux-x86_64, r-release-linux-x86_64, r-release-macos-arm64, r-release-macos-x86_64, r-release-windows-ix86+x86_64