CRAN Package Check Results for Package assertive.datetimes

Last updated on 2021-12-08 01:51:36 CET.

Flavor Version Tinstall Tcheck Ttotal Status Flags
r-devel-linux-x86_64-debian-clang 0.0-3 1.92 32.56 34.48 NOTE
r-devel-linux-x86_64-debian-gcc 0.0-3 1.67 25.99 27.66 NOTE
r-devel-linux-x86_64-fedora-clang 0.0-3 44.63 NOTE
r-devel-linux-x86_64-fedora-gcc 0.0-3 32.20 NOTE
r-devel-windows-x86_64-new-UL 0.0-3 6.00 60.00 66.00 NOTE
r-devel-windows-x86_64-new-TK 0.0-3 NOTE
r-devel-windows-x86_64-old 0.0-3 4.00 42.00 46.00 NOTE
r-patched-linux-x86_64 0.0-3 2.24 31.20 33.44 NOTE
r-release-linux-x86_64 0.0-3 1.67 31.33 33.00 NOTE
r-release-macos-arm64 0.0-3 NOTE
r-release-macos-x86_64 0.0-3 NOTE
r-release-windows-ix86+x86_64 0.0-3 4.00 41.00 45.00 NOTE
r-oldrel-macos-x86_64 0.0-3 OK
r-oldrel-windows-ix86+x86_64 0.0-3 6.00 45.00 51.00 OK

Check Details

Version: 0.0-3
Check: LazyData
Result: NOTE
     'LazyData' is specified without a 'data' directory
Flavors: r-devel-linux-x86_64-debian-clang, r-devel-linux-x86_64-debian-gcc, r-devel-linux-x86_64-fedora-clang, r-devel-linux-x86_64-fedora-gcc, r-devel-windows-x86_64-new-UL, r-devel-windows-x86_64-new-TK, r-devel-windows-x86_64-old, r-patched-linux-x86_64, r-release-linux-x86_64, r-release-macos-arm64, r-release-macos-x86_64, r-release-windows-ix86+x86_64