CRAN Package Check Results for Package assertive.files

Last updated on 2021-09-23 01:49:24 CEST.

Flavor Version Tinstall Tcheck Ttotal Status Flags
r-devel-linux-x86_64-debian-clang 0.0-2 2.58 27.72 30.30 NOTE
r-devel-linux-x86_64-debian-gcc 0.0-2 1.96 21.30 23.26 NOTE
r-devel-linux-x86_64-fedora-clang 0.0-2 45.63 NOTE
r-devel-linux-x86_64-fedora-gcc 0.0-2 34.65 NOTE
r-devel-windows-x86_64 0.0-2 3.00 33.00 36.00 NOTE
r-devel-windows-x86_64-gcc10-UCRT 0.0-2 ERROR
r-patched-linux-x86_64 0.0-2 2.67 26.55 29.22 NOTE
r-patched-solaris-x86 0.0-2 54.60 NOTE
r-release-linux-x86_64 0.0-2 2.47 26.25 28.72 NOTE
r-release-macos-arm64 0.0-2 NOTE
r-release-macos-x86_64 0.0-2 NOTE
r-release-windows-ix86+x86_64 0.0-2 6.00 42.00 48.00 NOTE
r-oldrel-macos-x86_64 0.0-2 OK
r-oldrel-windows-ix86+x86_64 0.0-2 3.00 33.00 36.00 OK

Check Details

Version: 0.0-2
Check: LazyData
Result: NOTE
     'LazyData' is specified without a 'data' directory
Flavors: r-devel-linux-x86_64-debian-clang, r-devel-linux-x86_64-debian-gcc, r-devel-linux-x86_64-fedora-clang, r-devel-linux-x86_64-fedora-gcc, r-devel-windows-x86_64, r-devel-windows-x86_64-gcc10-UCRT, r-patched-linux-x86_64, r-patched-solaris-x86, r-release-linux-x86_64, r-release-macos-arm64, r-release-macos-x86_64, r-release-windows-ix86+x86_64

Version: 0.0-2
Check: PDF version of manual
Result: WARN
    LaTeX errors when creating PDF version.
    This typically indicates Rd problems.
Flavor: r-devel-windows-x86_64-gcc10-UCRT

Version: 0.0-2
Check: PDF version of manual without hyperrefs or index
Result: ERROR
    Re-running with no redirection of stdout/stderr.
Flavor: r-devel-windows-x86_64-gcc10-UCRT