CRAN Package Check Results for Package assertive

Last updated on 2021-10-21 01:48:53 CEST.

Flavor Version Tinstall Tcheck Ttotal Status Flags
r-devel-linux-x86_64-debian-clang 0.3-6 4.16 38.61 42.77 NOTE
r-devel-linux-x86_64-debian-gcc 0.3-6 3.27 30.75 34.02 NOTE
r-devel-linux-x86_64-fedora-clang 0.3-6 63.91 NOTE
r-devel-linux-x86_64-fedora-gcc 0.3-6 53.11 NOTE
r-devel-windows-x86_64 0.3-6 8.00 71.00 79.00 NOTE
r-devel-windows-x86_64-gcc10-UCRT 0.3-6 NOTE
r-patched-linux-x86_64 0.3-6 5.22 36.32 41.54 NOTE
r-patched-solaris-x86 0.3-6 83.40 NOTE
r-release-linux-x86_64 0.3-6 3.82 36.67 40.49 NOTE
r-release-macos-arm64 0.3-6 NOTE
r-release-macos-x86_64 0.3-6 NOTE
r-release-windows-ix86+x86_64 0.3-6 8.00 64.00 72.00 NOTE
r-oldrel-macos-x86_64 0.3-6 OK
r-oldrel-windows-ix86+x86_64 0.3-6 11.00 63.00 74.00 OK

Check Details

Version: 0.3-6
Check: LazyData
Result: NOTE
     'LazyData' is specified without a 'data' directory
Flavors: r-devel-linux-x86_64-debian-clang, r-devel-linux-x86_64-debian-gcc, r-devel-linux-x86_64-fedora-clang, r-devel-linux-x86_64-fedora-gcc, r-devel-windows-x86_64, r-devel-windows-x86_64-gcc10-UCRT, r-patched-linux-x86_64, r-patched-solaris-x86, r-release-linux-x86_64, r-release-macos-arm64, r-release-macos-x86_64, r-release-windows-ix86+x86_64