CRAN Package Check Results for Package assertive

Last updated on 2021-07-28 01:48:38 CEST.

Flavor Version Tinstall Tcheck Ttotal Status Flags
r-devel-linux-x86_64-debian-clang 0.3-6 3.94 40.24 44.18 NOTE
r-devel-linux-x86_64-debian-gcc 0.3-6 3.12 31.61 34.73 NOTE
r-devel-linux-x86_64-fedora-clang 0.3-6 63.11 NOTE
r-devel-linux-x86_64-fedora-gcc 0.3-6 57.21 NOTE
r-devel-windows-x86_64 0.3-6 8.00 60.00 68.00 NOTE
r-devel-windows-x86_64-gcc10-UCRT 0.3-6 NOTE
r-patched-linux-x86_64 0.3-6 5.49 38.70 44.19 NOTE
r-patched-solaris-x86 0.3-6 85.20 NOTE
r-release-linux-x86_64 0.3-6 3.75 38.77 42.52 NOTE
r-release-macos-arm64 0.3-6 NOTE
r-release-macos-x86_64 0.3-6 NOTE
r-release-windows-ix86+x86_64 0.3-6 9.00 44.00 53.00 NOTE
r-oldrel-macos-x86_64 0.3-6 OK
r-oldrel-windows-ix86+x86_64 0.3-6 8.00 62.00 70.00 OK

Check Details

Version: 0.3-6
Check: LazyData
Result: NOTE
     'LazyData' is specified without a 'data' directory
Flavors: r-devel-linux-x86_64-debian-clang, r-devel-linux-x86_64-debian-gcc, r-devel-linux-x86_64-fedora-clang, r-devel-linux-x86_64-fedora-gcc, r-devel-windows-x86_64, r-devel-windows-x86_64-gcc10-UCRT, r-patched-linux-x86_64, r-patched-solaris-x86, r-release-linux-x86_64, r-release-macos-arm64, r-release-macos-x86_64, r-release-windows-ix86+x86_64