CRAN Package Check Results for Package assertive.matrices

Last updated on 2023-12-07 07:50:24 CET.

Flavor Version Tinstall Tcheck Ttotal Status Flags
r-devel-linux-x86_64-debian-clang 0.0-2 1.85 24.52 26.37 NOTE
r-devel-linux-x86_64-debian-gcc 0.0-2 1.75 19.18 20.93 NOTE
r-devel-linux-x86_64-fedora-clang 0.0-2 34.42 NOTE
r-devel-linux-x86_64-fedora-gcc 0.0-2 31.99 NOTE
r-devel-windows-x86_64 0.0-2 3.00 41.00 44.00 NOTE
r-patched-linux-x86_64 0.0-2 2.35 24.93 27.28 NOTE
r-release-linux-x86_64 0.0-2 1.36 24.25 25.61 NOTE
r-release-macos-arm64 0.0-2 16.00 NOTE
r-release-macos-x86_64 0.0-2 20.00 NOTE
r-release-windows-x86_64 0.0-2 3.00 43.00 46.00 NOTE
r-oldrel-macos-arm64 0.0-2 17.00 NOTE
r-oldrel-macos-x86_64 0.0-2 23.00 NOTE
r-oldrel-windows-x86_64 0.0-2 4.00 45.00 49.00 NOTE

Check Details

Version: 0.0-2
Check: LazyData
Result: NOTE 'LazyData' is specified without a 'data' directory Flavors: r-devel-linux-x86_64-debian-clang, r-devel-linux-x86_64-debian-gcc, r-devel-linux-x86_64-fedora-clang, r-devel-linux-x86_64-fedora-gcc, r-devel-windows-x86_64, r-patched-linux-x86_64, r-release-linux-x86_64, r-release-macos-arm64, r-release-macos-x86_64, r-release-windows-x86_64, r-oldrel-macos-arm64, r-oldrel-macos-x86_64, r-oldrel-windows-x86_64