Last updated on 2023-12-03 08:50:01 CET.
Flavor | Version | Tinstall | Tcheck | Ttotal | Status | Flags |
---|---|---|---|---|---|---|
r-devel-linux-x86_64-debian-clang | 0.0-5 | 2.53 | 30.47 | 33.00 | NOTE | |
r-devel-linux-x86_64-debian-gcc | 0.0-5 | 2.28 | 23.12 | 25.40 | NOTE | |
r-devel-linux-x86_64-fedora-clang | 0.0-5 | 42.63 | NOTE | |||
r-devel-linux-x86_64-fedora-gcc | 0.0-5 | 39.46 | NOTE | |||
r-devel-windows-x86_64 | 0.0-5 | 3.00 | 48.00 | 51.00 | NOTE | |
r-patched-linux-x86_64 | 0.0-5 | 3.93 | 29.41 | 33.34 | NOTE | |
r-release-linux-x86_64 | 0.0-5 | 2.68 | 29.83 | 32.51 | NOTE | |
r-release-macos-arm64 | 0.0-5 | 20.00 | NOTE | |||
r-release-macos-x86_64 | 0.0-5 | 26.00 | NOTE | |||
r-release-windows-x86_64 | 0.0-5 | 4.00 | 49.00 | 53.00 | NOTE | |
r-oldrel-macos-arm64 | 0.0-5 | 20.00 | NOTE | |||
r-oldrel-macos-x86_64 | 0.0-5 | 24.00 | NOTE | |||
r-oldrel-windows-x86_64 | 0.0-5 | 6.00 | 52.00 | 58.00 | NOTE |
Version: 0.0-5
Check: LazyData
Result: NOTE
'LazyData' is specified without a 'data' directory
Flavors: r-devel-linux-x86_64-debian-clang, r-devel-linux-x86_64-debian-gcc, r-devel-linux-x86_64-fedora-clang, r-devel-linux-x86_64-fedora-gcc, r-devel-windows-x86_64, r-patched-linux-x86_64, r-release-linux-x86_64, r-release-macos-arm64, r-release-macos-x86_64, r-release-windows-x86_64, r-oldrel-macos-arm64, r-oldrel-macos-x86_64, r-oldrel-windows-x86_64
Version: 0.0-5
Check: Rd cross-references
Result: NOTE
Undeclared package ‘rstudioapi’ in Rd xrefs
Flavor: r-devel-linux-x86_64-fedora-clang