CRAN Package Check Results for Package assertive.reflection

Last updated on 2021-09-16 01:49:26 CEST.

Flavor Version Tinstall Tcheck Ttotal Status Flags
r-devel-linux-x86_64-debian-clang 0.0-5 3.00 29.27 32.27 NOTE
r-devel-linux-x86_64-debian-gcc 0.0-5 2.43 22.78 25.21 NOTE
r-devel-linux-x86_64-fedora-clang 0.0-5 50.30 NOTE
r-devel-linux-x86_64-fedora-gcc 0.0-5 38.31 NOTE
r-devel-windows-x86_64 0.0-5 4.00 48.00 52.00 NOTE
r-devel-windows-x86_64-gcc10-UCRT 0.0-5 NOTE
r-patched-linux-x86_64 0.0-5 3.17 28.46 31.63 NOTE
r-patched-solaris-x86 0.0-5 61.00 NOTE
r-release-linux-x86_64 0.0-5 2.93 28.44 31.37 NOTE
r-release-macos-arm64 0.0-5 NOTE
r-release-macos-x86_64 0.0-5 NOTE
r-release-windows-ix86+x86_64 0.0-5 6.00 47.00 53.00 NOTE
r-oldrel-macos-x86_64 0.0-5 OK
r-oldrel-windows-ix86+x86_64 0.0-5 6.00 44.00 50.00 OK

Check Details

Version: 0.0-5
Check: LazyData
Result: NOTE
     'LazyData' is specified without a 'data' directory
Flavors: r-devel-linux-x86_64-debian-clang, r-devel-linux-x86_64-debian-gcc, r-devel-linux-x86_64-fedora-clang, r-devel-linux-x86_64-fedora-gcc, r-devel-windows-x86_64, r-devel-windows-x86_64-gcc10-UCRT, r-patched-linux-x86_64, r-patched-solaris-x86, r-release-linux-x86_64, r-release-macos-arm64, r-release-macos-x86_64, r-release-windows-ix86+x86_64

Version: 0.0-5
Check: Rd cross-references
Result: NOTE
    Undeclared package ‘rstudioapi’ in Rd xrefs
Flavor: r-devel-linux-x86_64-fedora-clang