CRAN Package Check Results for Package assertive.types

Last updated on 2020-09-29 01:48:22 CEST.

Flavor Version Tinstall Tcheck Ttotal Status Flags
r-devel-linux-x86_64-debian-clang 0.0-3 3.25 34.00 37.25 OK
r-devel-linux-x86_64-debian-gcc 0.0-3 3.32 26.67 29.99 OK
r-devel-linux-x86_64-fedora-clang 0.0-3 54.72 NOTE
r-devel-linux-x86_64-fedora-gcc 0.0-3 45.85 OK
r-devel-windows-ix86+x86_64 0.0-3 10.00 55.00 65.00 OK
r-patched-linux-x86_64 0.0-3 4.06 32.93 36.99 OK
r-patched-solaris-x86 0.0-3 65.50 OK
r-release-linux-x86_64 0.0-3 3.90 32.89 36.79 OK
r-release-macos-x86_64 0.0-3 OK
r-release-windows-ix86+x86_64 0.0-3 8.00 53.00 61.00 OK
r-oldrel-macos-x86_64 0.0-3 OK
r-oldrel-windows-ix86+x86_64 0.0-3 6.00 50.00 56.00 OK

Check Details

Version: 0.0-3
Check: Rd cross-references
Result: NOTE
    Undeclared package ‘pryr’ in Rd xrefs
Flavor: r-devel-linux-x86_64-fedora-clang