Last updated on 2023-03-24 05:52:07 CET.
Flavor | Version | Tinstall | Tcheck | Ttotal | Status | Flags |
---|---|---|---|---|---|---|
r-devel-linux-x86_64-debian-clang | 2022.9.16 | 3.34 | 217.18 | 220.52 | OK | |
r-devel-linux-x86_64-debian-gcc | 2022.9.16 | 2.04 | 159.63 | 161.67 | OK | |
r-devel-linux-x86_64-fedora-clang | 2022.9.16 | 216.95 | ERROR | |||
r-devel-linux-x86_64-fedora-gcc | 2022.9.16 | 261.81 | OK | |||
r-devel-windows-x86_64 | 2022.9.16 | 20.00 | 338.00 | 358.00 | OK | |
r-patched-linux-x86_64 | 2022.9.16 | 2.71 | 197.84 | 200.55 | OK | |
r-release-linux-x86_64 | 2022.9.16 | 3.14 | 196.97 | 200.11 | OK | |
r-release-macos-arm64 | 2022.9.16 | 107.00 | OK | |||
r-release-macos-x86_64 | 2022.9.16 | 128.00 | OK | |||
r-release-windows-x86_64 | 2022.9.16 | 20.00 | 313.00 | 333.00 | OK | |
r-oldrel-macos-arm64 | 2022.9.16 | 99.00 | OK | |||
r-oldrel-macos-x86_64 | 2022.9.16 | 136.00 | OK | |||
r-oldrel-windows-ix86+x86_64 | 2022.9.16 | 7.00 | 335.00 | 342.00 | OK |
Version: 2022.9.16
Check: re-building of vignette outputs
Result: ERROR
Error(s) in re-building vignettes:
--- re-building ‘PeakSegDisk.Rmd’ using knitr
--- finished re-building ‘PeakSegDisk.Rmd’
--- re-building ‘binseg.Rmd’ using knitr
--- finished re-building ‘binseg.Rmd’
--- re-building ‘cum_median.Rmd’ using knitr
--- finished re-building ‘cum_median.Rmd’
--- re-building ‘data.table.Rmd’ using knitr
--- finished re-building ‘data.table.Rmd’
--- re-building ‘git.Rmd’ using knitr
Quitting from lines 92-100 (git.Rmd)
Error: processing vignette 'git.Rmd' failed with diagnostics:
! in callr subprocess.
Caused by error:
! there is no package called ‘binsegRcpp.dcd0808f52b0b9858352106cc7852e36d7f5b15d’
--- failed re-building ‘git.Rmd’
--- re-building ‘optseg.Rmd’ using knitr
--- finished re-building ‘optseg.Rmd’
--- re-building ‘regex.Rmd’ using knitr
--- finished re-building ‘regex.Rmd’
SUMMARY: processing the following file failed:
‘git.Rmd’
Error: Vignette re-building failed.
Execution halted
Flavor: r-devel-linux-x86_64-fedora-clang