CRAN Package Check Results for Package atlas

Last updated on 2022-06-30 01:49:03 CEST.

Flavor Version Tinstall Tcheck Ttotal Status Flags
r-devel-linux-x86_64-debian-clang 1.0.0 2.43 22.37 24.80 NOTE
r-devel-linux-x86_64-debian-gcc 1.0.0 1.65 17.88 19.53 NOTE
r-devel-linux-x86_64-fedora-clang 1.0.0 41.40 NOTE
r-devel-linux-x86_64-fedora-gcc 1.0.0 39.78 NOTE
r-devel-windows-x86_64 1.0.0 9.00 52.00 61.00 NOTE
r-patched-linux-x86_64 1.0.0 2.19 22.22 24.41 NOTE
r-release-linux-x86_64 1.0.0 1.84 21.84 23.68 NOTE
r-release-macos-arm64 1.0.0 17.00 NOTE
r-release-macos-x86_64 1.0.0 26.00 NOTE
r-release-windows-x86_64 1.0.0 7.00 50.00 57.00 NOTE
r-oldrel-macos-arm64 1.0.0 21.00 NOTE
r-oldrel-macos-x86_64 1.0.0 23.00 NOTE
r-oldrel-windows-ix86+x86_64 1.0.0 7.00 43.00 50.00 NOTE

Additional issues

donttest

Check Details

Version: 1.0.0
Check: LazyData
Result: NOTE
     'LazyData' is specified without a 'data' directory
Flavors: r-devel-linux-x86_64-debian-clang, r-devel-linux-x86_64-debian-gcc, r-devel-linux-x86_64-fedora-clang, r-devel-linux-x86_64-fedora-gcc, r-devel-windows-x86_64, r-patched-linux-x86_64, r-release-linux-x86_64, r-release-macos-arm64, r-release-macos-x86_64, r-release-windows-x86_64, r-oldrel-macos-arm64, r-oldrel-macos-x86_64, r-oldrel-windows-ix86+x86_64

Version: 1.0.0
Check: dependencies in R code
Result: NOTE
    Namespace in Imports field not imported from: ‘testthat’
     All declared Imports should be used.
Flavors: r-devel-linux-x86_64-fedora-clang, r-devel-linux-x86_64-fedora-gcc, r-release-macos-arm64, r-release-macos-x86_64, r-oldrel-macos-arm64, r-oldrel-macos-x86_64