CRAN Package Check Results for Package auRoc

Last updated on 2025-06-14 08:49:24 CEST.

Flavor Version Tinstall Tcheck Ttotal Status Flags
r-devel-linux-x86_64-debian-clang 0.2-1 2.99 24.03 27.02 NOTE
r-devel-linux-x86_64-debian-gcc 0.2-1 2.36 19.35 21.71 NOTE
r-devel-linux-x86_64-fedora-clang 0.2-1 41.96 OK
r-devel-linux-x86_64-fedora-gcc 0.2-1 40.21 OK
r-devel-windows-x86_64 0.2-1 4.00 63.00 67.00 OK
r-patched-linux-x86_64 0.2-1 2.77 22.96 25.73 OK
r-release-linux-x86_64 0.2-1 3.09 23.36 26.45 OK
r-release-macos-arm64 0.2-1 19.00 OK
r-release-macos-x86_64 0.2-1 28.00 OK
r-release-windows-x86_64 0.2-1 5.00 73.00 78.00 OK
r-oldrel-macos-arm64 0.2-1 17.00 OK
r-oldrel-macos-x86_64 0.2-1 24.00 OK
r-oldrel-windows-x86_64 0.2-1 6.00 53.00 59.00 OK

Check Details

Version: 0.2-1
Check: CRAN incoming feasibility
Result: NOTE Maintainer: ‘Dai Feng <[email protected]>’ No Authors@R field in DESCRIPTION. Please add one, modifying Authors@R: c(person(given = "Dai", family = "Feng", role = c("aut", "cre"), email = "[email protected]"), person(given = "Damjan", family = "Manevski", role = "auc"), person(given = c("Maja", "Pohar"), family = "Perme", role = "auc")) as necessary. Flavors: r-devel-linux-x86_64-debian-clang, r-devel-linux-x86_64-debian-gcc