CRAN Package Check Results for Package auctestr

Last updated on 2020-09-24 02:56:43 CEST.

Flavor Version Tinstall Tcheck Ttotal Status Flags
r-devel-linux-x86_64-debian-clang 1.0.0 3.69 38.01 41.70 OK
r-devel-linux-x86_64-debian-gcc 1.0.0 2.94 29.64 32.58 OK
r-devel-linux-x86_64-fedora-clang 1.0.0 58.72 NOTE
r-devel-linux-x86_64-fedora-gcc 1.0.0 49.19 NOTE
r-devel-windows-ix86+x86_64 1.0.0 10.00 58.00 68.00 OK
r-patched-linux-x86_64 1.0.0 3.54 35.86 39.40 OK
r-patched-solaris-x86 1.0.0 73.10 NOTE
r-release-linux-x86_64 1.0.0 3.45 36.00 39.45 OK
r-release-macos-x86_64 1.0.0 NOTE
r-release-windows-ix86+x86_64 1.0.0 21.00 60.00 81.00 OK
r-oldrel-macos-x86_64 1.0.0 NOTE
r-oldrel-windows-ix86+x86_64 1.0.0 6.00 55.00 61.00 OK

Check Details

Version: 1.0.0
Check: dependencies in R code
Result: NOTE
    Namespace in Imports field not imported from: ‘tidyr’
     All declared Imports should be used.
Flavors: r-devel-linux-x86_64-fedora-clang, r-devel-linux-x86_64-fedora-gcc, r-patched-solaris-x86, r-release-macos-x86_64, r-oldrel-macos-x86_64