CRAN Package Check Results for Package autoBagging

Last updated on 2024-06-19 08:57:42 CEST.

Flavor Version Tinstall Tcheck Ttotal Status Flags
r-devel-linux-x86_64-debian-clang 0.1.0 18.08 108.70 126.78 OK
r-devel-linux-x86_64-debian-gcc 0.1.0 12.41 80.78 93.19 OK
r-devel-linux-x86_64-fedora-clang 0.1.0 162.14 NOTE
r-devel-linux-x86_64-fedora-gcc 0.1.0 150.90 NOTE
r-devel-windows-x86_64 0.1.0 14.00 100.00 114.00 OK
r-patched-linux-x86_64 0.1.0 16.98 103.53 120.51 OK
r-release-linux-x86_64 0.1.0 13.25 106.96 120.21 OK
r-release-macos-arm64 0.1.0 47.00 OK
r-release-macos-x86_64 0.1.0 73.00 OK
r-release-windows-x86_64 0.1.0 14.00 102.00 116.00 OK
r-oldrel-macos-arm64 0.1.0 49.00 OK
r-oldrel-macos-x86_64 0.1.0 79.00 OK
r-oldrel-windows-x86_64 0.1.0 19.00 114.00 133.00 OK

Check Details

Version: 0.1.0
Check: dependencies in R code
Result: NOTE Namespace in Imports field not imported from: ‘abind’ All declared Imports should be used. Flavors: r-devel-linux-x86_64-fedora-clang, r-devel-linux-x86_64-fedora-gcc