CRAN Package Check Results for Package autocogs

Last updated on 2021-11-29 00:48:22 CET.

Flavor Version Tinstall Tcheck Ttotal Status Flags
r-devel-linux-x86_64-debian-clang 0.1.4 OK
r-devel-linux-x86_64-debian-gcc 0.1.4 3.31 43.02 46.33 OK
r-devel-linux-x86_64-fedora-clang 0.1.4 89.87 NOTE
r-devel-linux-x86_64-fedora-gcc 0.1.4 71.70 NOTE
r-devel-windows-x86_64-new-UL 0.1.4 15.00 100.00 115.00 OK
r-devel-windows-x86_64-new-TK 0.1.4 NOTE
r-devel-windows-x86_64-old 0.1.4 8.00 79.00 87.00 OK
r-patched-linux-x86_64 0.1.4 4.31 53.35 57.66 OK
r-patched-solaris-x86 0.1.4 111.70 NOTE
r-release-linux-x86_64 0.1.4 4.54 53.40 57.94 OK
r-release-macos-arm64 0.1.4 NOTE
r-release-macos-x86_64 0.1.4 NOTE
r-release-windows-ix86+x86_64 0.1.4 13.00 59.00 72.00 OK
r-oldrel-macos-x86_64 0.1.4 NOTE
r-oldrel-windows-ix86+x86_64 0.1.4 9.00 77.00 86.00 OK

Check Details

Version: 0.1.4
Check: dependencies in R code
Result: NOTE
    Namespaces in Imports field not imported from:
     ‘MASS’ ‘broom’ ‘diptest’ ‘ggplot2’ ‘hexbin’ ‘moments’
     All declared Imports should be used.
Flavors: r-devel-linux-x86_64-fedora-clang, r-devel-linux-x86_64-fedora-gcc, r-devel-windows-x86_64-new-TK, r-patched-solaris-x86, r-release-macos-arm64, r-release-macos-x86_64, r-oldrel-macos-x86_64