CRAN Package Check Results for Package autostsm

Last updated on 2021-09-21 01:49:54 CEST.

Flavor Version Tinstall Tcheck Ttotal Status Flags
r-devel-linux-x86_64-debian-clang 1.6 45.07 76.34 121.41 OK
r-devel-linux-x86_64-debian-gcc 1.6 33.13 55.12 88.25 OK
r-devel-linux-x86_64-fedora-clang 1.6 161.29 NOTE
r-devel-linux-x86_64-fedora-gcc 1.6 143.83 NOTE
r-devel-windows-x86_64 1.6 42.00 89.00 131.00 OK
r-devel-windows-x86_64-gcc10-UCRT 1.6 ERROR
r-patched-linux-x86_64 1.6 39.23 70.14 109.37 OK
r-patched-solaris-x86 1.6 169.30 NOTE
r-release-linux-x86_64 1.6 39.38 70.48 109.86 OK
r-release-macos-arm64 1.6 NOTE
r-release-macos-x86_64 1.6 NOTE
r-release-windows-ix86+x86_64 1.6 100.00 120.00 220.00 OK
r-oldrel-macos-x86_64 1.6 NOTE
r-oldrel-windows-ix86+x86_64 1.6 101.00 135.00 236.00 OK

Check Details

Version: 1.6
Check: dependencies in R code
Result: NOTE
    Namespace in Imports field not imported from: ‘zoo’
     All declared Imports should be used.
Flavors: r-devel-linux-x86_64-fedora-clang, r-devel-linux-x86_64-fedora-gcc, r-patched-solaris-x86, r-release-macos-arm64, r-release-macos-x86_64, r-oldrel-macos-x86_64

Version: 1.6
Check: whether package can be installed
Result: ERROR
    Installation failed.
Flavor: r-devel-windows-x86_64-gcc10-UCRT