CRAN Package Check Results for Package av

Last updated on 2020-09-19 00:50:00 CEST.

Flavor Version Tinstall Tcheck Ttotal Status Flags
r-devel-linux-x86_64-debian-clang 0.5.0 5.39 67.03 72.42 OK
r-devel-linux-x86_64-debian-gcc 0.5.0 3.83 50.68 54.51 OK
r-devel-linux-x86_64-fedora-clang 0.5.0 99.91 OK
r-devel-linux-x86_64-fedora-gcc 0.5.0 84.35 OK
r-devel-windows-ix86+x86_64 0.5.0 42.00 332.00 374.00 NOTE
r-patched-linux-x86_64 0.5.0 4.50 66.15 70.65 OK
r-release-linux-x86_64 0.5.0 4.76 67.07 71.83 OK
r-release-macos-x86_64 0.5.0 NOTE
r-release-windows-ix86+x86_64 0.5.0 38.00 274.00 312.00 NOTE
r-oldrel-macos-x86_64 0.5.0 NOTE
r-oldrel-windows-ix86+x86_64 0.5.0 35.00 336.00 371.00 NOTE

Check Details

Version: 0.5.0
Check: installed package size
Result: NOTE
     installed size is 56.6Mb
     sub-directories of 1Mb or more:
     libs 55.8Mb
Flavors: r-devel-windows-ix86+x86_64, r-release-macos-x86_64, r-release-windows-ix86+x86_64, r-oldrel-macos-x86_64, r-oldrel-windows-ix86+x86_64