CRAN Package Check Results for Package avocado

Last updated on 2023-02-05 01:54:12 CET.

Flavor Version Tinstall Tcheck Ttotal Status Flags
r-devel-linux-x86_64-debian-clang 0.1.0 1.69 44.17 45.86 ERROR
r-devel-linux-x86_64-debian-gcc 0.1.0 1.49 34.39 35.88 ERROR
r-devel-linux-x86_64-fedora-clang 0.1.0 59.15 ERROR
r-devel-linux-x86_64-fedora-gcc 0.1.0 66.71 ERROR
r-devel-windows-x86_64 0.1.0 21.00 78.00 99.00 ERROR
r-patched-linux-x86_64 0.1.0 2.26 42.37 44.63 OK
r-release-linux-x86_64 0.1.0 2.18 37.16 39.34 OK
r-release-macos-arm64 0.1.0 23.00 OK
r-release-macos-x86_64 0.1.0 34.00 OK
r-release-windows-x86_64 0.1.0 21.00 84.00 105.00 OK
r-oldrel-macos-arm64 0.1.0 30.00 OK
r-oldrel-macos-x86_64 0.1.0 46.00 OK
r-oldrel-windows-ix86+x86_64 0.1.0 6.00 75.00 81.00 OK

Check Details

Version: 0.1.0
Check: re-building of vignette outputs
Result: ERROR
    Error(s) in re-building vignettes:
     ...
    --- re-building ‘a_intro.Rmd’ using rmarkdown
    --- finished re-building ‘a_intro.Rmd’
    
    --- re-building ‘b_analyze-hass-cntry.Rmd’ using rmarkdown
    Quitting from lines 101-125 (b_analyze-hass-cntry.Rmd)
    Error: processing vignette ‘b_analyze-hass-cntry.Rmd’ failed with diagnostics:
    ℹ In argument: `week_ending > lubridate::ymd("2017-09-10") & ...`.
    Caused by error in `>.POSIXt`:
    ! object ‘check_tzones’ not found
    --- failed re-building ‘b_analyze-hass-cntry.Rmd’
    
    --- re-building ‘b_analyze-hass-region.Rmd’ using rmarkdown
    --- finished re-building ‘b_analyze-hass-region.Rmd’
    
    --- re-building ‘b_analyze-hass.Rmd’ using rmarkdown
    --- finished re-building ‘b_analyze-hass.Rmd’
    
    SUMMARY: processing the following file failed:
     ‘b_analyze-hass-cntry.Rmd’
    
    Error: Vignette re-building failed.
    Execution halted
Flavors: r-devel-linux-x86_64-debian-clang, r-devel-linux-x86_64-debian-gcc

Version: 0.1.0
Check: re-building of vignette outputs
Result: ERROR
    Error(s) in re-building vignettes:
    --- re-building ‘a_intro.Rmd’ using rmarkdown
    --- finished re-building ‘a_intro.Rmd’
    
    --- re-building ‘b_analyze-hass-cntry.Rmd’ using rmarkdown
    Quitting from lines 101-125 (b_analyze-hass-cntry.Rmd)
    Error: processing vignette 'b_analyze-hass-cntry.Rmd' failed with diagnostics:
    ℹ In argument: `week_ending > lubridate::ymd("2017-09-10") & ...`.
    Caused by error in `>.POSIXt`:
    ! object 'check_tzones' not found
    --- failed re-building ‘b_analyze-hass-cntry.Rmd’
    
    --- re-building ‘b_analyze-hass-region.Rmd’ using rmarkdown
    --- finished re-building ‘b_analyze-hass-region.Rmd’
    
    --- re-building ‘b_analyze-hass.Rmd’ using rmarkdown
    --- finished re-building ‘b_analyze-hass.Rmd’
    
    SUMMARY: processing the following file failed:
     ‘b_analyze-hass-cntry.Rmd’
    
    Error: Vignette re-building failed.
    Execution halted
Flavors: r-devel-linux-x86_64-fedora-clang, r-devel-linux-x86_64-fedora-gcc, r-devel-windows-x86_64