Last updated on 2022-07-26 01:57:05 CEST.
Flavor | Version | Tinstall | Tcheck | Ttotal | Status | Flags |
---|---|---|---|---|---|---|
r-devel-linux-x86_64-debian-clang | 0.1.8 | 5.73 | 55.40 | 61.13 | NOTE | |
r-devel-linux-x86_64-debian-gcc | 0.1.8 | 4.20 | 40.96 | 45.16 | NOTE | |
r-devel-linux-x86_64-fedora-clang | 0.1.8 | 83.33 | NOTE | |||
r-devel-linux-x86_64-fedora-gcc | 0.1.8 | 83.86 | NOTE | |||
r-devel-windows-x86_64 | 0.1.8 | 11.00 | 104.00 | 115.00 | NOTE | |
r-patched-linux-x86_64 | 0.1.8 | 5.94 | 51.41 | 57.35 | NOTE | |
r-release-linux-x86_64 | 0.1.8 | 4.96 | 50.99 | 55.95 | NOTE | |
r-release-macos-arm64 | 0.1.8 | 27.00 | NOTE | |||
r-release-macos-x86_64 | 0.1.8 | 37.00 | NOTE | |||
r-release-windows-x86_64 | 0.1.8 | 18.00 | 101.00 | 119.00 | NOTE | |
r-oldrel-macos-arm64 | 0.1.8 | 31.00 | NOTE | |||
r-oldrel-macos-x86_64 | 0.1.8 | 52.00 | NOTE | |||
r-oldrel-windows-ix86+x86_64 | 0.1.8 | 18.00 | 89.00 | 107.00 | NOTE |
Version: 0.1.8
Check: LazyData
Result: NOTE
'LazyData' is specified without a 'data' directory
Flavors: r-devel-linux-x86_64-debian-clang, r-devel-linux-x86_64-debian-gcc, r-devel-linux-x86_64-fedora-clang, r-devel-linux-x86_64-fedora-gcc, r-devel-windows-x86_64, r-patched-linux-x86_64, r-release-linux-x86_64, r-release-macos-arm64, r-release-macos-x86_64, r-release-windows-x86_64, r-oldrel-macos-arm64, r-oldrel-macos-x86_64, r-oldrel-windows-ix86+x86_64