Last updated on 2023-06-05 07:52:47 CEST.
Flavor | Version | Tinstall | Tcheck | Ttotal | Status | Flags |
---|---|---|---|---|---|---|
r-devel-linux-x86_64-debian-clang | 0.2.0 | 2.52 | 26.95 | 29.47 | NOTE | |
r-devel-linux-x86_64-debian-gcc | 0.2.0 | 1.52 | 21.15 | 22.67 | NOTE | |
r-devel-linux-x86_64-fedora-clang | 0.2.0 | 36.99 | NOTE | |||
r-devel-linux-x86_64-fedora-gcc | 0.2.0 | 35.02 | NOTE | |||
r-devel-windows-x86_64 | 0.2.0 | 6.00 | 59.00 | 65.00 | NOTE | |
r-patched-linux-x86_64 | 0.2.0 | 2.54 | 25.66 | 28.20 | NOTE | |
r-release-linux-x86_64 | 0.2.0 | 2.55 | 26.14 | 28.69 | NOTE | |
r-release-macos-arm64 | 0.2.0 | 22.00 | NOTE | |||
r-release-macos-x86_64 | 0.2.0 | 24.00 | NOTE | |||
r-release-windows-x86_64 | 0.2.0 | 7.00 | 60.00 | 67.00 | NOTE | |
r-oldrel-macos-arm64 | 0.2.0 | 22.00 | NOTE | |||
r-oldrel-macos-x86_64 | 0.2.0 | 26.00 | NOTE | |||
r-oldrel-windows-x86_64 | 0.2.0 | 6.00 | 62.00 | 68.00 | NOTE |
Version: 0.2.0
Check: LazyData
Result: NOTE
'LazyData' is specified without a 'data' directory
Flavors: r-devel-linux-x86_64-debian-clang, r-devel-linux-x86_64-debian-gcc, r-devel-linux-x86_64-fedora-clang, r-devel-linux-x86_64-fedora-gcc, r-devel-windows-x86_64, r-patched-linux-x86_64, r-release-linux-x86_64, r-release-macos-arm64, r-release-macos-x86_64, r-release-windows-x86_64, r-oldrel-macos-arm64, r-oldrel-macos-x86_64, r-oldrel-windows-x86_64