CRAN Package Check Results for Package aws.lambda

Last updated on 2022-06-25 01:48:54 CEST.

Flavor Version Tinstall Tcheck Ttotal Status Flags
r-devel-linux-x86_64-debian-clang 0.2.0 1.82 27.98 29.80 NOTE
r-devel-linux-x86_64-debian-gcc 0.2.0 2.24 21.45 23.69 NOTE
r-devel-linux-x86_64-fedora-clang 0.2.0 47.32 NOTE
r-devel-linux-x86_64-fedora-gcc 0.2.0 46.57 NOTE
r-devel-windows-x86_64 0.2.0 15.00 72.00 87.00 NOTE
r-patched-linux-x86_64 0.2.0 2.62 26.63 29.25 NOTE
r-release-linux-x86_64 0.2.0 2.70 26.45 29.15 NOTE
r-release-macos-arm64 0.2.0 22.00 NOTE
r-release-macos-x86_64 0.2.0 26.00 NOTE
r-release-windows-x86_64 0.2.0 16.00 70.00 86.00 NOTE
r-oldrel-macos-arm64 0.2.0 22.00 NOTE
r-oldrel-macos-x86_64 0.2.0 28.00 NOTE
r-oldrel-windows-ix86+x86_64 0.2.0 10.00 62.00 72.00 NOTE

Check Details

Version: 0.2.0
Check: LazyData
Result: NOTE
     'LazyData' is specified without a 'data' directory
Flavors: r-devel-linux-x86_64-debian-clang, r-devel-linux-x86_64-debian-gcc, r-devel-linux-x86_64-fedora-clang, r-devel-linux-x86_64-fedora-gcc, r-devel-windows-x86_64, r-patched-linux-x86_64, r-release-linux-x86_64, r-release-macos-arm64, r-release-macos-x86_64, r-release-windows-x86_64, r-oldrel-macos-arm64, r-oldrel-macos-x86_64, r-oldrel-windows-ix86+x86_64