CRAN Package Check Results for Package babel

Last updated on 2021-01-16 00:47:23 CET.

Flavor Version Tinstall Tcheck Ttotal Status Flags
r-devel-linux-x86_64-debian-clang 0.3-0 4.44 224.98 229.42 OK
r-devel-linux-x86_64-debian-gcc 0.3-0 2.96 178.47 181.43 OK
r-devel-linux-x86_64-fedora-clang 0.3-0 271.43 OK
r-devel-linux-x86_64-fedora-gcc 0.3-0 286.21 OK
r-devel-windows-ix86+x86_64 0.3-0 9.00 75.00 84.00 OK --no-vignettes
r-patched-linux-x86_64 0.3-0 4.42 233.48 237.90 OK
r-patched-solaris-x86 0.3-0 121.70 OK --no-vignettes
r-release-linux-x86_64 0.3-0 4.27 232.75 237.02 OK
r-release-macos-x86_64 0.3-0 OK
r-release-windows-ix86+x86_64 0.3-0 9.00 75.00 84.00 OK --no-vignettes
r-oldrel-macos-x86_64 0.3-0 WARN
r-oldrel-windows-ix86+x86_64 0.3-0 6.00 60.00 66.00 OK --no-vignettes

Check Details

Version: 0.3-0
Check: whether package can be installed
Result: WARN
    Found the following significant warnings:
     Warning: package ‘edgeR’ was built under R version 3.6.1
Flavor: r-oldrel-macos-x86_64