CRAN Package Check Results for Package babelmixr2

Last updated on 2023-12-06 07:50:08 CET.

Flavor Version Tinstall Tcheck Ttotal Status Flags
r-devel-linux-x86_64-debian-clang 0.1.1 57.20 292.96 350.16 NOTE
r-devel-linux-x86_64-debian-gcc 0.1.1 40.70 225.14 265.84 NOTE
r-devel-linux-x86_64-fedora-clang 0.1.1 448.75 NOTE
r-devel-linux-x86_64-fedora-gcc 0.1.1 454.46 NOTE
r-devel-windows-x86_64 0.1.1 56.00 280.00 336.00 NOTE
r-patched-linux-x86_64 0.1.1 48.44 284.59 333.03 NOTE
r-release-linux-x86_64 0.1.1 42.66 287.82 330.48 NOTE
r-release-macos-arm64 0.1.1 148.00 NOTE
r-release-macos-x86_64 0.1.1 178.00 NOTE
r-release-windows-x86_64 0.1.1 72.00 353.00 425.00 NOTE
r-oldrel-macos-arm64 0.1.1 101.00 NOTE
r-oldrel-macos-x86_64 0.1.1 168.00 NOTE
r-oldrel-windows-x86_64 0.1.1 57.00 333.00 390.00 NOTE

Check Details

Version: 0.1.1
Check: package dependencies
Result: NOTE Package suggested but not available for checking: ‘lixoftConnectors’ Flavors: r-devel-linux-x86_64-debian-clang, r-devel-linux-x86_64-debian-gcc, r-devel-linux-x86_64-fedora-clang, r-devel-linux-x86_64-fedora-gcc, r-devel-windows-x86_64, r-patched-linux-x86_64, r-release-linux-x86_64, r-release-macos-arm64, r-release-macos-x86_64, r-release-windows-x86_64, r-oldrel-macos-arm64, r-oldrel-macos-x86_64, r-oldrel-windows-x86_64

Version: 0.1.1
Check: Rd files
Result: NOTE checkRd: (-1) nlmixr2Est.pknca.Rd:35: Lost braces in \itemize; meant \describe ? checkRd: (-1) nlmixr2Est.pknca.Rd:36: Lost braces in \itemize; meant \describe ? checkRd: (-1) nlmixr2Est.pknca.Rd:37: Lost braces in \itemize; meant \describe ? checkRd: (-1) nlmixr2Est.pknca.Rd:38-40: Lost braces in \itemize; meant \describe ? checkRd: (-1) nlmixr2Est.pknca.Rd:41-43: Lost braces in \itemize; meant \describe ? Flavors: r-devel-linux-x86_64-debian-clang, r-devel-linux-x86_64-debian-gcc