CRAN Package Check Results for Package babelwhale

Last updated on 2021-09-23 01:49:25 CEST.

Flavor Version Tinstall Tcheck Ttotal Status Flags
r-devel-linux-x86_64-debian-clang 1.0.3 10.74 87.10 97.84 OK
r-devel-linux-x86_64-debian-gcc 1.0.3 6.97 66.68 73.65 OK
r-devel-linux-x86_64-fedora-clang 1.0.3 104.97 OK
r-devel-linux-x86_64-fedora-gcc 1.0.3 109.96 OK
r-devel-windows-x86_64 1.0.3 12.00 81.00 93.00 OK
r-devel-windows-x86_64-gcc10-UCRT 1.0.3 ERROR
r-patched-linux-x86_64 1.0.3 9.77 82.02 91.79 OK
r-patched-solaris-x86 1.0.3 153.50 OK
r-release-linux-x86_64 1.0.3 9.30 83.08 92.38 OK
r-release-macos-arm64 1.0.3 OK
r-release-macos-x86_64 1.0.3 OK
r-release-windows-ix86+x86_64 1.0.3 22.00 109.00 131.00 OK
r-oldrel-macos-x86_64 1.0.3 OK
r-oldrel-windows-ix86+x86_64 1.0.3 17.00 82.00 99.00 OK

Check Details

Version: 1.0.3
Check: package dependencies
Result: ERROR
    Package required but not available: 'dynutils'
    
    See section 'The DESCRIPTION file' in the 'Writing R Extensions'
    manual.
Flavor: r-devel-windows-x86_64-gcc10-UCRT