CRAN Package Check Results for Package babynamesIL

Last updated on 2023-12-03 08:50:01 CET.

Flavor Version Tinstall Tcheck Ttotal Status Flags
r-devel-linux-x86_64-debian-clang 0.0.1 6.94 37.25 44.19 OK
r-devel-linux-x86_64-debian-gcc 0.0.1 6.12 28.25 34.37 OK
r-devel-linux-x86_64-fedora-clang 0.0.1 59.87 NOTE
r-devel-linux-x86_64-fedora-gcc 0.0.1 53.45 NOTE
r-devel-windows-x86_64 0.0.1 7.00 49.00 56.00 OK
r-patched-linux-x86_64 0.0.1 7.16 36.69 43.85 OK
r-release-linux-x86_64 0.0.1 6.18 35.67 41.85 OK
r-release-macos-arm64 0.0.1 24.00 OK
r-release-macos-x86_64 0.0.1 32.00 OK
r-release-windows-x86_64 0.0.1 10.00 61.00 71.00 OK
r-oldrel-macos-arm64 0.0.1 23.00 NOTE
r-oldrel-macos-x86_64 0.0.1 32.00 NOTE
r-oldrel-windows-x86_64 0.0.1 8.00 59.00 67.00 OK

Check Details

Version: 0.0.1
Check: data for non-ASCII characters
Result: NOTE Note: found 133353 marked UTF-8 strings Flavors: r-devel-linux-x86_64-fedora-clang, r-devel-linux-x86_64-fedora-gcc, r-oldrel-macos-arm64, r-oldrel-macos-x86_64