CRAN Package Check Results for Package backShift

Last updated on 2020-08-06 02:09:15 CEST.

Flavor Version Tinstall Tcheck Ttotal Status Flags
r-devel-linux-x86_64-debian-clang 0.1.4.3 7.65 132.45 140.10 OK
r-devel-linux-x86_64-debian-gcc 0.1.4.3 5.36 94.19 99.55 OK
r-devel-linux-x86_64-fedora-clang 0.1.4.3 164.38 NOTE
r-devel-linux-x86_64-fedora-gcc 0.1.4.3 157.07 OK
r-devel-windows-ix86+x86_64 0.1.4.3 43.00 221.00 264.00 OK
r-patched-linux-x86_64 0.1.4.3 7.48 123.28 130.76 OK
r-patched-solaris-x86 0.1.4.3 219.00 OK
r-release-linux-x86_64 0.1.4.3 7.83 125.68 133.51 OK
r-release-macos-x86_64 0.1.4.3 OK
r-release-windows-ix86+x86_64 0.1.4.3 33.00 237.00 270.00 OK
r-oldrel-macos-x86_64 0.1.4.3 OK
r-oldrel-windows-ix86+x86_64 0.1.4.3 17.00 199.00 216.00 OK

Check Details

Version: 0.1.4.3
Check: Rd cross-references
Result: NOTE
    Undeclared packages ‘InvariantCausalPrediction’, ‘CompareCausalNetworks’ in Rd xrefs
Flavor: r-devel-linux-x86_64-fedora-clang