CRAN Package Check Results for Package backbone

Last updated on 2024-07-23 07:53:04 CEST.

Flavor Version Tinstall Tcheck Ttotal Status Flags
r-devel-linux-x86_64-debian-clang 2.1.4 18.34 75.76 94.10 OK
r-devel-linux-x86_64-debian-gcc 2.1.4 13.02 56.24 69.26 NOTE
r-devel-linux-x86_64-fedora-clang 2.1.4 133.97 OK
r-devel-linux-x86_64-fedora-gcc 2.1.4 127.86 OK
r-devel-windows-x86_64 2.1.4 21.00 99.00 120.00 NOTE
r-patched-linux-x86_64 2.1.4 24.13 72.95 97.08 OK
r-release-linux-x86_64 2.1.4 13.39 73.53 86.92 OK
r-release-macos-arm64 2.1.4 44.00 OK
r-release-macos-x86_64 2.1.4 95.00 OK
r-release-windows-x86_64 2.1.4 22.00 101.00 123.00 OK
r-oldrel-macos-arm64 2.1.4 47.00 OK
r-oldrel-macos-x86_64 2.1.4 93.00 OK
r-oldrel-windows-x86_64 2.1.4 20.00 107.00 127.00 OK

Check Details

Version: 2.1.4
Check: Rd cross-references
Result: NOTE Found the following Rd file(s) with Rd \link{} targets missing package anchors: backbone.suggest.Rd: Matrix, igraph disparity.Rd: Matrix, igraph fdsm.Rd: Matrix, igraph fixedcol.Rd: Matrix, igraph fixedfill.Rd: Matrix, igraph fixedrow.Rd: Matrix, igraph global.Rd: Matrix, igraph lans.Rd: Matrix, igraph mlf.Rd: Matrix, igraph osdsm.Rd: Matrix, igraph sdsm.Rd: Matrix, igraph sparsify.Rd: Matrix, igraph sparsify.with.geometric.Rd: Matrix, igraph sparsify.with.gspar.Rd: Matrix, igraph sparsify.with.hypergeometric.Rd: Matrix, igraph sparsify.with.jaccard.Rd: Matrix, igraph sparsify.with.localdegree.Rd: Matrix, igraph sparsify.with.lspar.Rd: Matrix, igraph sparsify.with.meetmin.Rd: Matrix, igraph sparsify.with.quadrilateral.Rd: Matrix, igraph sparsify.with.simmelian.Rd: Matrix, igraph sparsify.with.skeleton.Rd: Matrix, igraph Please provide package anchors for all Rd \link{} targets not in the package itself and the base packages. Flavors: r-devel-linux-x86_64-debian-gcc, r-devel-windows-x86_64