CRAN Package Check Results for Package barsurf

Last updated on 2020-04-09 01:53:05 CEST.

Flavor Version Tinstall Tcheck Ttotal Status Flags
r-devel-linux-x86_64-debian-clang 0.4.0 5.74 50.65 56.39 OK
r-devel-linux-x86_64-debian-gcc 0.4.0 4.04 38.56 42.60 OK
r-devel-linux-x86_64-fedora-clang 0.4.0 76.58 OK
r-devel-linux-x86_64-fedora-gcc 0.4.0 74.58 OK
r-devel-windows-ix86+x86_64 0.4.0 9.00 83.00 92.00 OK
r-devel-windows-ix86+x86_64-gcc8 0.4.0 9.00 58.00 67.00 OK
r-patched-linux-x86_64 0.4.0 4.64 50.25 54.89 OK
r-patched-solaris-x86 0.4.0 87.60 OK
r-release-linux-x86_64 0.4.0 4.28 46.00 50.28 OK
r-release-windows-ix86+x86_64 0.4.0 8.00 82.00 90.00 OK
r-release-osx-x86_64 0.4.0 OK
r-oldrel-windows-ix86+x86_64 0.4.0 8.00 59.00 67.00 ERROR
r-oldrel-osx-x86_64 0.4.0 ERROR

Check Details

Version: 0.4.0
Check: R code for possible problems
Result: NOTE
    plot_bar: no visible global function definition for 'str2lang'
    plot_cfield: no visible global function definition for 'str2lang'
    plot_cfield_3d: no visible global function definition for 'str2lang'
    plot_dfield: no visible global function definition for 'str2lang'
    plot_surface: no visible global function definition for 'str2lang'
    plot_tricontour: no visible global function definition for 'str2lang'
    plot_trisurface: no visible global function definition for 'str2lang'
    plot_vecfield: no visible global function definition for 'str2lang'
    Undefined global functions or variables:
     str2lang
Flavors: r-oldrel-windows-ix86+x86_64, r-oldrel-osx-x86_64

Version: 0.4.0
Check: examples
Result: ERROR
    Running examples in 'barsurf-Ex.R' failed
    The error most likely occurred in:
    
    > ### Name: 01_scalar_fields_discretely-spaced
    > ### Title: Discretely-Spaced Scalar Fields
    > ### Aliases: plot_dfield plot_bar plot_matrix plotf_dfield plotf_bar
    >
    > ### ** Examples
    >
    > fv = matrix (sample (1:100), 10, 10)
    >
    > plot_dfield (,,fv)
    Error in str2lang(color.fit) : could not find function "str2lang"
    Calls: plot_dfield -> eval
    Execution halted
Flavors: r-oldrel-windows-ix86+x86_64, r-oldrel-osx-x86_64

Version: 0.4.0
Check: re-building of vignette outputs
Result: WARN
    Error in re-building vignettes:
     ...
    
    Error: processing vignette 'barsurf.Rnw' failed with diagnostics:
     chunk 6
    Error in str2lang(color.fit) : could not find function "str2lang"
    Execution halted
Flavor: r-oldrel-windows-ix86+x86_64

Version: 0.4.0
Check: running R code from vignettes
Result: ERROR
    Errors in running code in vignettes:
    when running code in ‘barsurf.Rnw’
     ...
    > f = function(x, y, n, p) dbinom(x, n, p) * dbinom(y,
    + n, p)
    
    > fv = outer(x, y, f, n, p)
    
    > plot_dfield(x, y, fv)
    
     When sourcing ‘barsurf.R’:
    Error: could not find function "str2lang"
    Execution halted
Flavor: r-oldrel-osx-x86_64

Version: 0.4.0
Check: re-building of vignette outputs
Result: NOTE
    Error in re-building vignettes:
     ...
    
    Error: processing vignette 'barsurf.Rnw' failed with diagnostics:
     chunk 6
    Error in str2lang(color.fit) : could not find function "str2lang"
    Execution halted
Flavor: r-oldrel-osx-x86_64