CRAN Package Check Results for Package base.rms

Last updated on 2023-12-07 07:50:24 CET.

Flavor Version Tinstall Tcheck Ttotal Status Flags
r-devel-linux-x86_64-debian-clang 1.0 14.35 118.26 132.61 NOTE
r-devel-linux-x86_64-debian-gcc 1.0 11.95 89.56 101.51 NOTE
r-devel-linux-x86_64-fedora-clang 1.0 184.63 NOTE
r-devel-linux-x86_64-fedora-gcc 1.0 172.48 NOTE
r-devel-windows-x86_64 1.0 13.00 102.00 115.00 NOTE
r-patched-linux-x86_64 1.0 12.97 116.98 129.95 NOTE
r-release-linux-x86_64 1.0 9.76 116.12 125.88 NOTE
r-release-macos-arm64 1.0 61.00 NOTE
r-release-macos-x86_64 1.0 93.00 NOTE
r-release-windows-x86_64 1.0 17.00 125.00 142.00 NOTE
r-oldrel-macos-arm64 1.0 58.00 NOTE
r-oldrel-macos-x86_64 1.0 84.00 NOTE
r-oldrel-windows-x86_64 1.0 17.00 126.00 143.00 NOTE

Check Details

Version: 1.0
Check: LazyData
Result: NOTE 'LazyData' is specified without a 'data' directory Flavors: r-devel-linux-x86_64-debian-clang, r-devel-linux-x86_64-debian-gcc, r-devel-linux-x86_64-fedora-clang, r-devel-linux-x86_64-fedora-gcc, r-devel-windows-x86_64, r-patched-linux-x86_64, r-release-linux-x86_64, r-release-macos-arm64, r-release-macos-x86_64, r-release-windows-x86_64, r-oldrel-macos-arm64, r-oldrel-macos-x86_64, r-oldrel-windows-x86_64

Version: 1.0
Check: dependencies in R code
Result: NOTE Namespace in Imports field not imported from: ‘splines’ All declared Imports should be used. Flavors: r-devel-linux-x86_64-fedora-clang, r-devel-linux-x86_64-fedora-gcc, r-oldrel-macos-arm64, r-oldrel-macos-x86_64