Last updated on 2023-03-22 05:52:20 CET.
Flavor | Version | Tinstall | Tcheck | Ttotal | Status | Flags |
---|---|---|---|---|---|---|
r-devel-linux-x86_64-debian-clang | 0.2.2 | 9.58 | 73.23 | 82.81 | OK | |
r-devel-linux-x86_64-debian-gcc | 0.2.2 | 7.95 | 55.56 | 63.51 | OK | |
r-devel-linux-x86_64-fedora-clang | 0.2.2 | 114.92 | NOTE | |||
r-devel-linux-x86_64-fedora-gcc | 0.2.2 | 100.89 | OK | |||
r-devel-windows-x86_64 | 0.2.2 | 36.00 | 100.00 | 136.00 | OK | |
r-patched-linux-x86_64 | 0.2.2 | 8.25 | 69.84 | 78.09 | OK | |
r-release-linux-x86_64 | 0.2.2 | 6.78 | 69.48 | 76.26 | OK | |
r-release-macos-arm64 | 0.2.2 | 25.00 | OK | |||
r-release-macos-x86_64 | 0.2.2 | 43.00 | OK | |||
r-release-windows-x86_64 | 0.2.2 | 42.00 | 101.00 | 143.00 | OK | |
r-oldrel-macos-arm64 | 0.2.2 | 29.00 | OK | |||
r-oldrel-macos-x86_64 | 0.2.2 | 45.00 | OK | |||
r-oldrel-windows-ix86+x86_64 | 0.2.2 | 21.00 | 104.00 | 125.00 | OK |
Version: 0.2.2
Check: Rd cross-references
Result: NOTE
Undeclared packages ‘jsonlite’, ‘arrow’ in Rd xrefs
Flavor: r-devel-linux-x86_64-fedora-clang