CRAN Package Check Results for Package baseflow

Last updated on 2022-06-28 01:51:27 CEST.

Flavor Version Tinstall Tcheck Ttotal Status Flags
r-devel-linux-x86_64-debian-clang 0.13.2 169.81 37.16 206.97 NOTE
r-devel-linux-x86_64-debian-gcc 0.13.2 154.86 28.98 183.84 NOTE
r-devel-linux-x86_64-fedora-clang 0.13.2 323.02 NOTE
r-devel-linux-x86_64-fedora-gcc 0.13.2 316.15 NOTE
r-devel-windows-x86_64 0.13.2 45.00 88.00 133.00 OK
r-patched-linux-x86_64 0.13.2 190.04 35.65 225.69 NOTE
r-release-linux-x86_64 0.13.2 182.18 35.64 217.82 NOTE
r-release-macos-arm64 0.13.2 73.00 ERROR
r-release-macos-x86_64 0.13.2 68.00 ERROR
r-release-windows-x86_64 0.13.2 60.00 91.00 151.00 OK
r-oldrel-macos-arm64 0.13.2 66.00 ERROR
r-oldrel-macos-x86_64 0.13.2 69.00 ERROR
r-oldrel-windows-ix86+x86_64 0.13.2 33.00 103.00 136.00 OK

Check Details

Version: 0.13.2
Check: compiled code
Result: NOTE
    File 'baseflow/libs/baseflow.so':
     Found non-API calls to R: 'R_CStackLimit', 'R_CleanTempDir',
     'R_RunExitFinalizers', 'Rf_initialize_R', 'setup_Rmainloop'
    
    Compiled code should not call non-API entry points in R.
    
    See 'Writing portable packages' in the 'Writing R Extensions' manual.
Flavors: r-devel-linux-x86_64-debian-clang, r-devel-linux-x86_64-debian-gcc, r-devel-linux-x86_64-fedora-clang, r-devel-linux-x86_64-fedora-gcc, r-patched-linux-x86_64, r-release-linux-x86_64

Version: 0.13.2
Check: whether package can be installed
Result: ERROR
    Installation failed.
Flavors: r-release-macos-arm64, r-release-macos-x86_64, r-oldrel-macos-arm64, r-oldrel-macos-x86_64