CRAN Package Check Results for Package baseflow

Last updated on 2022-01-16 01:06:54 CET.

Flavor Version Tinstall Tcheck Ttotal Status Flags
r-devel-linux-x86_64-debian-clang 0.13.2 108.01 43.78 151.79 OK
r-devel-linux-x86_64-debian-gcc 0.13.2 87.28 37.36 124.64 OK
r-devel-linux-x86_64-fedora-clang 0.13.2 212.19 OK
r-devel-linux-x86_64-fedora-gcc 0.13.2 195.25 OK
r-devel-windows-x86_64-new-UL 0.13.2 121.00 101.00 222.00 OK
r-devel-windows-x86_64-new-TK 0.13.2 OK
r-patched-linux-x86_64 0.13.2 115.85 43.25 159.10 OK
r-release-linux-x86_64 0.13.2 115.55 42.41 157.96 OK
r-release-macos-arm64 0.13.2 ERROR
r-release-macos-x86_64 0.13.2 ERROR
r-release-windows-ix86+x86_64 0.13.2 31.00 100.00 131.00 OK
r-oldrel-macos-x86_64 0.13.2 OK
r-oldrel-windows-ix86+x86_64 0.13.2 31.00 98.00 129.00 OK

Check Details

Version: 0.13.2
Check: whether package can be installed
Result: ERROR
    Installation failed.
Flavors: r-release-macos-arm64, r-release-macos-x86_64