Last updated on 2023-12-09 07:49:26 CET.
Flavor | Version | Tinstall | Tcheck | Ttotal | Status | Flags |
---|---|---|---|---|---|---|
r-devel-linux-x86_64-debian-clang | 2.0.0 | 295.46 | 102.85 | 398.31 | OK | |
r-devel-linux-x86_64-debian-gcc | 2.0.0 | 209.08 | 71.23 | 280.31 | OK | |
r-devel-linux-x86_64-fedora-clang | 2.0.0 | 635.04 | OK | |||
r-devel-linux-x86_64-fedora-gcc | 2.0.0 | 817.18 | OK | |||
r-devel-windows-x86_64 | 2.0.0 | 234.00 | 128.00 | 362.00 | OK | |
r-patched-linux-x86_64 | 2.0.0 | 218.61 | 90.62 | 309.23 | OK | |
r-release-linux-x86_64 | 2.0.0 | 201.20 | 91.34 | 292.54 | OK | |
r-release-macos-arm64 | 2.0.0 | 159.00 | NOTE | |||
r-release-macos-x86_64 | 2.0.0 | 245.00 | NOTE | |||
r-release-windows-x86_64 | 2.0.0 | 300.00 | 149.00 | 449.00 | OK | |
r-oldrel-macos-arm64 | 2.0.0 | 171.00 | NOTE | |||
r-oldrel-macos-x86_64 | 2.0.0 | 198.00 | NOTE | |||
r-oldrel-windows-x86_64 | 2.0.0 | 291.00 | 137.00 | 428.00 | OK |
Version: 2.0.0
Check: installed package size
Result: NOTE
installed size is 13.8Mb
sub-directories of 1Mb or more:
libs 13.3Mb
Flavors: r-release-macos-arm64, r-release-macos-x86_64, r-oldrel-macos-arm64, r-oldrel-macos-x86_64