CRAN Package Check Results for Package batchscr

Last updated on 2023-12-07 07:50:24 CET.

Flavor Version Tinstall Tcheck Ttotal Status Flags
r-devel-linux-x86_64-debian-clang 0.1.0 1.69 18.82 20.51 NOTE
r-devel-linux-x86_64-debian-gcc 0.1.0 1.46 15.27 16.73 NOTE
r-devel-linux-x86_64-fedora-clang 0.1.0 27.85 NOTE
r-devel-linux-x86_64-fedora-gcc 0.1.0 25.22 NOTE
r-devel-windows-x86_64 0.1.0 2.00 40.00 42.00 NOTE
r-patched-linux-x86_64 0.1.0 2.09 18.77 20.86 NOTE
r-release-linux-x86_64 0.1.0 1.81 18.94 20.75 NOTE
r-release-macos-arm64 0.1.0 15.00 NOTE
r-release-macos-x86_64 0.1.0 19.00 NOTE
r-release-windows-x86_64 0.1.0 3.00 32.00 35.00 NOTE
r-oldrel-macos-arm64 0.1.0 14.00 NOTE
r-oldrel-macos-x86_64 0.1.0 21.00 NOTE
r-oldrel-windows-x86_64 0.1.0 5.00 40.00 45.00 NOTE

Check Details

Version: 0.1.0
Check: LazyData
Result: NOTE 'LazyData' is specified without a 'data' directory Flavors: r-devel-linux-x86_64-debian-clang, r-devel-linux-x86_64-debian-gcc, r-devel-linux-x86_64-fedora-clang, r-devel-linux-x86_64-fedora-gcc, r-devel-windows-x86_64, r-patched-linux-x86_64, r-release-linux-x86_64, r-release-macos-arm64, r-release-macos-x86_64, r-release-windows-x86_64, r-oldrel-macos-arm64, r-oldrel-macos-x86_64, r-oldrel-windows-x86_64