CRAN Package Check Results for Package bayesassurance

Last updated on 2024-07-24 06:57:10 CEST.

Flavor Version Tinstall Tcheck Ttotal Status Flags
r-devel-linux-x86_64-debian-clang 0.1.0 10.93 311.92 322.85 OK
r-devel-linux-x86_64-debian-gcc 0.1.0 7.00 216.74 223.74 NOTE
r-devel-linux-x86_64-fedora-clang 0.1.0 401.11 OK
r-devel-linux-x86_64-fedora-gcc 0.1.0 387.46 OK
r-devel-windows-x86_64 0.1.0 11.00 198.00 209.00 NOTE
r-patched-linux-x86_64 0.1.0 12.99 302.64 315.63 OK
r-release-linux-x86_64 0.1.0 8.88 293.61 302.49 OK
r-release-macos-arm64 0.1.0 178.00 OK
r-release-macos-x86_64 0.1.0 433.00 OK
r-release-windows-x86_64 0.1.0 9.00 200.00 209.00 OK
r-oldrel-macos-arm64 0.1.0 93.00 OK
r-oldrel-macos-x86_64 0.1.0 173.00 OK
r-oldrel-windows-x86_64 0.1.0 11.00 254.00 265.00 OK

Check Details

Version: 0.1.0
Check: Rd cross-references
Result: NOTE Found the following Rd file(s) with Rd \link{} targets missing package anchors: pwr_curve.Rd: ggplot2 Please provide package anchors for all Rd \link{} targets not in the package itself and the base packages. Flavors: r-devel-linux-x86_64-debian-gcc, r-devel-windows-x86_64