Last updated on 2022-06-30 01:49:03 CEST.
Flavor | Version | Tinstall | Tcheck | Ttotal | Status | Flags |
---|---|---|---|---|---|---|
r-devel-linux-x86_64-debian-clang | 1.0.1 | 578.30 | 372.17 | 950.47 | NOTE | |
r-devel-linux-x86_64-debian-gcc | 1.0.1 | 512.78 | 305.17 | 817.95 | NOTE | |
r-devel-linux-x86_64-fedora-clang | 1.0.1 | 1208.64 | NOTE | |||
r-devel-linux-x86_64-fedora-gcc | 1.0.1 | 1331.99 | NOTE | |||
r-devel-windows-x86_64 | 1.0.1 | 1247.00 | 460.00 | 1707.00 | NOTE | |
r-patched-linux-x86_64 | 1.0.1 | 477.92 | 400.63 | 878.55 | NOTE | |
r-release-linux-x86_64 | 1.0.1 | 422.06 | 398.26 | 820.32 | NOTE | |
r-release-macos-arm64 | 1.0.1 | 316.00 | NOTE | |||
r-release-macos-x86_64 | 1.0.1 | 518.00 | NOTE | |||
r-release-windows-x86_64 | 1.0.1 | 513.00 | 466.00 | 979.00 | NOTE | |
r-oldrel-macos-arm64 | 1.0.1 | 491.00 | NOTE | |||
r-oldrel-macos-x86_64 | 1.0.1 | 371.00 | NOTE | |||
r-oldrel-windows-ix86+x86_64 | 1.0.1 | 848.00 | 10.00 | 858.00 | ERROR |
Version: 1.0.1
Check: for GNU extensions in Makefiles
Result: NOTE
GNU make is a SystemRequirements.
Flavors: r-devel-linux-x86_64-debian-clang, r-devel-linux-x86_64-debian-gcc, r-devel-linux-x86_64-fedora-clang, r-devel-linux-x86_64-fedora-gcc, r-devel-windows-x86_64, r-patched-linux-x86_64, r-release-linux-x86_64, r-release-macos-arm64, r-release-macos-x86_64, r-release-windows-x86_64, r-oldrel-macos-arm64, r-oldrel-macos-x86_64
Version: 1.0.1
Check: installed package size
Result: NOTE
installed size is 55.6Mb
sub-directories of 1Mb or more:
libs 54.1Mb
Flavors: r-devel-linux-x86_64-fedora-clang, r-devel-windows-x86_64, r-release-macos-arm64, r-release-macos-x86_64, r-release-windows-x86_64, r-oldrel-macos-arm64, r-oldrel-macos-x86_64
Version: 1.0.1
Check: dependencies in R code
Result: NOTE
Namespaces in Imports field not imported from:
‘RcppParallel’ ‘StanHeaders’ ‘astsa’
All declared Imports should be used.
Flavors: r-devel-linux-x86_64-fedora-clang, r-devel-linux-x86_64-fedora-gcc, r-release-macos-arm64, r-release-macos-x86_64, r-oldrel-macos-arm64, r-oldrel-macos-x86_64
Version: 1.0.1
Check: whether package can be installed
Result: ERROR
Installation failed.
Flavor: r-oldrel-windows-ix86+x86_64