CRAN Package Check Results for Package bayesm

Last updated on 2019-09-16 01:46:51 CEST.

Flavor Version Tinstall Tcheck Ttotal Status Flags
r-devel-linux-x86_64-debian-clang 3.1-3 520.79 414.70 935.49 OK
r-devel-linux-x86_64-debian-gcc 3.1-3 430.64 265.15 695.79 OK
r-devel-linux-x86_64-fedora-clang 3.1-3 1309.06 NOTE
r-devel-linux-x86_64-fedora-gcc 3.1-3 1276.64 OK
r-devel-windows-ix86+x86_64 3.1-3 1200.00 552.00 1752.00 NOTE
r-patched-linux-x86_64 3.1-3 455.89 401.41 857.30 OK
r-patched-solaris-x86 3.1-3 1446.50 NOTE
r-release-linux-x86_64 3.1-3 468.14 405.99 874.13 OK
r-release-windows-ix86+x86_64 3.1-3 863.00 446.00 1309.00 NOTE
r-release-osx-x86_64 3.1-3 NOTE
r-oldrel-windows-ix86+x86_64 3.1-3 1174.00 439.00 1613.00 NOTE
r-oldrel-osx-x86_64 3.1-3 NOTE

Check Details

Version: 3.1-3
Check: installed package size
Result: NOTE
     installed size is 30.9Mb
     sub-directories of 1Mb or more:
     doc 2.9Mb
     libs 26.4Mb
Flavors: r-devel-linux-x86_64-fedora-clang, r-devel-windows-ix86+x86_64, r-patched-solaris-x86, r-release-windows-ix86+x86_64, r-release-osx-x86_64, r-oldrel-windows-ix86+x86_64, r-oldrel-osx-x86_64