CRAN Package Check Results for Package bayesplot

Last updated on 2021-02-24 00:49:08 CET.

Flavor Version Tinstall Tcheck Ttotal Status Flags
r-devel-linux-x86_64-debian-clang 1.8.0 12.67 332.12 344.79 OK
r-devel-linux-x86_64-debian-gcc 1.8.0 11.28 237.85 249.13 OK
r-devel-linux-x86_64-fedora-clang 1.8.0 399.21 NOTE
r-devel-linux-x86_64-fedora-gcc 1.8.0 392.64 OK
r-devel-windows-ix86+x86_64 1.8.0 21.00 278.00 299.00 NOTE
r-patched-linux-x86_64 1.8.0 12.42 281.05 293.47 NOTE
r-patched-solaris-x86 1.8.0 429.50 NOTE
r-release-linux-x86_64 1.8.0 12.23 310.00 322.23 OK
r-release-macos-x86_64 1.8.0 NOTE
r-release-windows-ix86+x86_64 1.8.0 28.00 400.00 428.00 NOTE
r-oldrel-macos-x86_64 1.8.0 NOTE
r-oldrel-windows-ix86+x86_64 1.8.0 15.00 398.00 413.00 NOTE

Check Details

Version: 1.8.0
Check: installed package size
Result: NOTE
     installed size is 5.9Mb
     sub-directories of 1Mb or more:
     R 1.8Mb
     doc 3.4Mb
Flavors: r-devel-linux-x86_64-fedora-clang, r-devel-windows-ix86+x86_64, r-patched-solaris-x86, r-release-macos-x86_64, r-release-windows-ix86+x86_64, r-oldrel-macos-x86_64, r-oldrel-windows-ix86+x86_64

Version: 1.8.0
Check: package dependencies
Result: NOTE
    Package suggested but not available for checking: ‘rstanarm’
Flavor: r-patched-linux-x86_64