CRAN Package Check Results for Package bayestestR

Last updated on 2020-07-10 01:48:56 CEST.

Flavor Version Tinstall Tcheck Ttotal Status Flags
r-devel-linux-x86_64-debian-clang 0.7.0 8.95 352.60 361.55 OK
r-devel-linux-x86_64-debian-gcc 0.7.0 7.60 265.25 272.85 OK
r-devel-linux-x86_64-fedora-clang 0.7.0 447.38 OK
r-devel-linux-x86_64-fedora-gcc 0.7.0 437.94 OK
r-devel-windows-ix86+x86_64 0.7.0 24.00 518.00 542.00 OK
r-patched-linux-x86_64 0.7.0 8.28 226.34 234.62 NOTE
r-patched-solaris-x86 0.7.0 624.70 OK
r-release-linux-x86_64 0.7.0 9.07 357.93 367.00 OK
r-release-osx-x86_64 0.7.0 OK
r-release-windows-ix86+x86_64 0.7.0 15.00 464.00 479.00 OK
r-oldrel-osx-x86_64 0.7.0 OK
r-oldrel-windows-ix86+x86_64 0.7.0 17.00 494.00 511.00 OK

Check Details

Version: 0.7.0
Check: package dependencies
Result: NOTE
    Package suggested but not available for checking: ‘rstanarm’
Flavor: r-patched-linux-x86_64