Last updated on 2023-03-23 06:52:15 CET.
Flavor | Version | Tinstall | Tcheck | Ttotal | Status | Flags |
---|---|---|---|---|---|---|
r-devel-linux-x86_64-debian-clang | 0.8.5 | 15.21 | 93.78 | 108.99 | OK | |
r-devel-linux-x86_64-debian-gcc | 0.8.5 | 12.79 | 69.94 | 82.73 | OK | |
r-devel-linux-x86_64-fedora-clang | 0.8.5 | 138.22 | NOTE | |||
r-devel-linux-x86_64-fedora-gcc | 0.8.5 | 127.38 | NOTE | |||
r-devel-windows-x86_64 | 0.8.5 | 47.00 | 121.00 | 168.00 | OK | |
r-patched-linux-x86_64 | 0.8.5 | 18.89 | 92.14 | 111.03 | OK | |
r-release-linux-x86_64 | 0.8.5 | 14.20 | 90.51 | 104.71 | OK | |
r-release-macos-arm64 | 0.8.5 | 40.00 | NOTE | |||
r-release-macos-x86_64 | 0.8.5 | 73.00 | NOTE | |||
r-release-windows-x86_64 | 0.8.5 | 58.00 | 120.00 | 178.00 | OK | |
r-oldrel-macos-arm64 | 0.8.5 | 53.00 | NOTE | |||
r-oldrel-macos-x86_64 | 0.8.5 | 79.00 | NOTE | |||
r-oldrel-windows-ix86+x86_64 | 0.8.5 | 34.00 | 120.00 | 154.00 | OK |
Version: 0.8.5
Check: dependencies in R code
Result: NOTE
Namespace in Imports field not imported from: ‘dplyr’
All declared Imports should be used.
Flavors: r-devel-linux-x86_64-fedora-clang, r-devel-linux-x86_64-fedora-gcc, r-release-macos-arm64, r-release-macos-x86_64, r-oldrel-macos-arm64, r-oldrel-macos-x86_64