CRAN Package Check Results for Package baygel

Last updated on 2023-12-09 07:49:26 CET.

Flavor Version Tinstall Tcheck Ttotal Status Flags
r-devel-linux-x86_64-debian-clang 0.3.0 171.70 32.08 203.78 OK
r-devel-linux-x86_64-debian-gcc 0.3.0 116.32 23.46 139.78 OK
r-devel-linux-x86_64-fedora-clang 0.3.0 310.79 OK
r-devel-linux-x86_64-fedora-gcc 0.3.0 306.69 OK
r-devel-windows-x86_64 0.3.0 122.00 68.00 190.00 OK
r-patched-linux-x86_64 0.3.0 138.99 30.23 169.22 OK
r-release-linux-x86_64 0.3.0 140.28 29.67 169.95 OK
r-release-macos-arm64 0.3.0 61.00 NOTE
r-release-macos-x86_64 0.3.0 82.00 NOTE
r-release-windows-x86_64 0.3.0 156.00 76.00 232.00 OK
r-oldrel-macos-arm64 0.3.0 61.00 NOTE
r-oldrel-macos-x86_64 0.2.0 54.00 OK
r-oldrel-windows-x86_64 0.3.0 153.00 73.00 226.00 OK

Check Details

Version: 0.3.0
Check: installed package size
Result: NOTE installed size is 5.4Mb sub-directories of 1Mb or more: libs 5.3Mb Flavors: r-release-macos-arm64, r-release-macos-x86_64, r-oldrel-macos-arm64